{"id":1028,"date":"2022-09-29T12:05:25","date_gmt":"2022-09-29T12:05:25","guid":{"rendered":"http:\/\/azokensarea.eus\/arrasate\/"},"modified":"2024-03-15T10:20:50","modified_gmt":"2024-03-15T10:20:50","slug":"arrasate","status":"publish","type":"page","link":"https:\/\/azokensarea.eus\/es\/arrasate\/","title":{"rendered":"Arrasate"},"content":{"rendered":"<h2>\n<p class=\"p1\"><b>ARRASATE<\/b><strong>KO<\/strong> AZOKA PLAZA<\/p>\n<\/h2>\n<div>\n<p>En 1972 el mercado de Sebero se cierra y se traslada a su actual ubicaci\u00f3n. E nuevo mercado se ubic\u00f3 en el s\u00f3tano de un edificio de viviendas, En esta feria se pueden encontrar diferentes tipos de puestos:<\/p>\n<ul>\n<li>puesto fijo (helados)<\/li>\n<li>puestos especiales (frutas y verduras, naranjas, queso, miel, frutos secos, aceitunas&#8230;)<\/li>\n<li>baserritarras (verduras, pan, queso, huevos&#8230;)<\/li>\n<li>puestos sin \u00e1nimo de lucro (Fundaci\u00f3n Goyeneche)<\/li>\n<\/ul>\n<p>En los \u00faltimos a\u00f1os el Ayuntamiento trabaja en la redacci\u00f3n de un proyecto de renovaci\u00f3n de la instalaci\u00f3n con el objetivo de revitalizar la feria. Con este proyecto se pretende conseguir una tienda de referencia moderna y de amplia oferta, referente comercial del producto local para los vecinos de Arrasate y el valle.<\/p>\n<\/div>\n<div>\n<h4>D\u00cdA DE MERCADO Y HORARIO:<\/h4>\n<div>\n<p>Puestos fijos (de martes a s\u00e1bado) ma\u00f1ana:<br \/>9:00-13:00<\/p>\n<p>Productores mi\u00e9rcoles y jueves por la ma\u00f1ana:<br \/>7:00-13:30<\/p>\n<\/div>\n<\/div>\n<div>\n<h3>UBICACI\u00d3N:<\/h3>\n<div>\n<p>En el centro de Arrasate, calle mondragon\u00e9s.<\/p>\n<\/div>\n<p><a href=\"https:\/\/goo.gl\/maps\/LCTFd8WHw1Eb84Mc6\">Ver ubicaci\u00f3n<\/a><\/p>\n<\/div>\n<div>\n<h3>PROGRAMA AZOKATIK MAHAIRA:<\/h3>\n<p><a href=\"https:\/\/www.youtube.com\/watch?v=2m71_3AzKOs\">Ver v\u00eddeo<\/a><\/p>\n<\/div>\n<div>\n<h3>Enlaces:<\/h3>\n<\/div>\n<ul>\n<li><a href=\"https:\/\/www.arrasate.eus\/es\">social<\/a>\n<\/li>\n<\/ul>\n<div>\n<p>    <img src=\"\/wp-content\/uploads\/2023\/10\/arrasate-aldatzeko-scaled.jpg\" alt=\"\"><\/p>\n<\/div>\n<div>\n<p>    <img src=\"\/wp-content\/uploads\/2022\/06\/arrasate2.jpg\" alt=\"\"><\/p>\n<\/div>\n<div>\n<p>    <img src=\"\/wp-content\/uploads\/2022\/06\/arrasate3.jpg\" alt=\"\"><\/p>\n<\/div>\n<p><!--more--><br \/>\n<!-- {\"type\":\"layout\",\"children\":[{\"type\":\"section\",\"props\":{\"animation\":\"fade\",\"animation_delay\":\"200\",\"id\":\"arrasate\",\"image_position\":\"center-center\",\"style\":\"secondary\",\"title_breakpoint\":\"xl\",\"title_position\":\"top-left\",\"title_rotation\":\"left\",\"vertical_align\":\"middle\",\"width\":\"default\"},\"children\":[{\"type\":\"row\",\"children\":[{\"type\":\"column\",\"props\":{\"image_position\":\"center-center\",\"position_sticky_breakpoint\":\"m\"},\"children\":[{\"type\":\"headline\",\"props\":{\"content\":\"\n\n<p class=\\\"p1\\\"><b>ARRASATE<\\\/b><strong>KO<\\\/strong> AZOKA PLAZA<\\\/p>\",\"title_color\":\"primary\",\"title_element\":\"h2\",\"title_style\":\"h2\"}}]}]},{\"type\":\"row\",\"props\":{\"layout\":\"3-5,2-5\"},\"children\":[{\"type\":\"column\",\"props\":{\"image_position\":\"center-center\",\"position_sticky_breakpoint\":\"m\",\"width_medium\":\"3-5\"},\"children\":[{\"type\":\"text\",\"props\":{\"column_breakpoint\":\"m\",\"content\":\"\n\n<p>En 1972 el mercado de Sebero se cierra y se traslada a su actual ubicaci\\u00f3n. E nuevo mercado se ubic\\u00f3 en el s\\u00f3tano de un edificio de viviendas, En esta feria se pueden encontrar diferentes tipos de puestos:<\\\/p>\\n\n\n<ul>\\n\n\n<li>puesto fijo (helados)<\\\/li>\\n\n\n<li>puestos especiales (frutas y verduras, naranjas, queso, miel, frutos secos, aceitunas...)<\\\/li>\\n\n\n<li>baserritarras (verduras, pan, queso, huevos...)<\\\/li>\\n\n\n<li>puestos sin \\u00e1nimo de lucro (Fundaci\\u00f3n Goyeneche)<\\\/li>\\n<\\\/ul>\\n\n\n<p>En los \\u00faltimos a\\u00f1os el Ayuntamiento trabaja en la redacci\\u00f3n de un proyecto de renovaci\\u00f3n de la instalaci\\u00f3n con el objetivo de revitalizar la feria. Con este proyecto se pretende conseguir una tienda de referencia moderna y de amplia oferta, referente comercial del producto local para los vecinos de Arrasate y el valle.<\\\/p>\",\"margin\":\"default\",\"text_style\":\"large\"}}]},{\"type\":\"column\",\"props\":{\"image_position\":\"center-center\",\"position_sticky_breakpoint\":\"m\",\"width_medium\":\"2-5\"},\"children\":[{\"type\":\"panel\",\"props\":{\"content\":\"\n\n<p>Puestos fijos (de martes a s\\u00e1bado) ma\\u00f1ana:<br \\\/>9:00-13:00<\\\/p>\\n\n\n<p>Productores mi\\u00e9rcoles y jueves por la ma\\u00f1ana:<br \\\/>7:00-13:30<\\\/p>\",\"content_column_breakpoint\":\"m\",\"content_margin\":\"small\",\"icon_width\":80,\"image_align\":\"top\",\"image_grid_breakpoint\":\"m\",\"image_grid_width\":\"1-2\",\"image_svg_color\":\"emphasis\",\"link_style\":\"default\",\"link_text\":\"Read more\",\"margin\":\"default\",\"meta_align\":\"below-title\",\"meta_element\":\"div\",\"meta_style\":\"text-meta\",\"title\":\"D\\u00cdA DE MERCADO Y HORARIO:\",\"title_align\":\"top\",\"title_element\":\"h4\",\"title_grid_breakpoint\":\"m\",\"title_grid_width\":\"1-2\",\"title_hover_style\":\"reset\"}},{\"type\":\"panel\",\"props\":{\"content\":\"\n\n<p>En el centro de Arrasate, calle mondragon\\u00e9s.<\\\/p>\",\"content_column_breakpoint\":\"m\",\"content_margin\":\"small\",\"icon_width\":80,\"image_align\":\"top\",\"image_grid_breakpoint\":\"m\",\"image_grid_width\":\"1-2\",\"image_svg_color\":\"emphasis\",\"link\":\"https:\\\/\\\/goo.gl\\\/maps\\\/LCTFd8WHw1Eb84Mc6\",\"link_margin\":\"small\",\"link_style\":\"text\",\"link_target\":true,\"link_text\":\"Ver ubicaci\\u00f3n\",\"margin\":\"default\",\"meta_align\":\"below-title\",\"meta_element\":\"div\",\"meta_style\":\"text-meta\",\"title\":\"UBICACI\\u00d3N:\",\"title_align\":\"top\",\"title_element\":\"h3\",\"title_grid_breakpoint\":\"m\",\"title_grid_width\":\"1-2\",\"title_hover_style\":\"reset\",\"title_style\":\"h4\"}},{\"type\":\"panel\",\"props\":{\"content\":\"\",\"content_column_breakpoint\":\"m\",\"content_margin\":\"small\",\"icon_width\":80,\"image_align\":\"top\",\"image_grid_breakpoint\":\"m\",\"image_grid_width\":\"1-2\",\"image_svg_color\":\"emphasis\",\"link\":\"https:\\\/\\\/www.youtube.com\\\/watch?v=2m71_3AzKOs\",\"link_margin\":\"small\",\"link_style\":\"text\",\"link_target\":true,\"link_text\":\"Ver v\\u00eddeo\",\"margin\":\"default\",\"meta_align\":\"below-title\",\"meta_element\":\"div\",\"meta_style\":\"text-meta\",\"title\":\"PROGRAMA AZOKATIK MAHAIRA:\",\"title_align\":\"top\",\"title_element\":\"h3\",\"title_grid_breakpoint\":\"m\",\"title_grid_width\":\"1-2\",\"title_hover_style\":\"reset\",\"title_style\":\"h4\"}},{\"type\":\"panel\",\"props\":{\"content\":\"\",\"content_column_breakpoint\":\"m\",\"content_margin\":\"small\",\"icon_width\":80,\"image_align\":\"top\",\"image_grid_breakpoint\":\"m\",\"image_grid_width\":\"1-2\",\"image_svg_color\":\"emphasis\",\"link_margin\":\"small\",\"link_style\":\"text\",\"link_target\":true,\"link_text\":\"Ikusi kokapena\",\"margin\":\"default\",\"meta_align\":\"below-title\",\"meta_element\":\"div\",\"meta_style\":\"text-meta\",\"title\":\"Enlaces:\",\"title_align\":\"top\",\"title_element\":\"h3\",\"title_grid_breakpoint\":\"m\",\"title_grid_width\":\"1-2\",\"title_hover_style\":\"reset\",\"title_style\":\"h4\"}},{\"type\":\"social\",\"props\":{\"grid\":\"horizontal\",\"grid_gap\":\"small\",\"image_svg_inline\":true,\"link_style\":\"\",\"link_target\":true,\"margin\":\"default\"},\"children\":[{\"type\":\"social_item\",\"props\":{\"icon\":\"world\",\"link\":\"https:\\\/\\\/www.arrasate.eus\\\/es\"}}]}]}]}],\"name\":\"arrasate\"},{\"type\":\"section\",\"props\":{\"animation\":\"fade\",\"animation_delay\":\"200\",\"image_position\":\"center-center\",\"padding\":\"none\",\"style\":\"default\",\"title_breakpoint\":\"xl\",\"title_position\":\"top-left\",\"title_rotation\":\"left\",\"vertical_align\":\"middle\",\"width\":\"\"},\"children\":[{\"type\":\"row\",\"props\":{\"column_gap\":\"collapse\",\"row_gap\":\"collapse\"},\"children\":[{\"type\":\"column\",\"props\":{\"image_position\":\"center-center\",\"position_sticky_breakpoint\":\"m\"},\"children\":[{\"type\":\"slideshow\",\"props\":{\"link_style\":\"default\",\"link_text\":\"Read more\",\"margin\":\"default\",\"meta_align\":\"below-title\",\"meta_element\":\"div\",\"meta_style\":\"text-meta\",\"nav\":\"dotnav\",\"nav_align\":\"center\",\"nav_breakpoint\":\"s\",\"nav_position\":\"bottom-center\",\"nav_position_margin\":\"medium\",\"overlay_animation\":\"parallax\",\"overlay_position\":\"center-left\",\"show_content\":true,\"show_link\":true,\"show_meta\":true,\"show_thumbnail\":true,\"show_title\":true,\"slidenav\":\"default\",\"slidenav_breakpoint\":\"s\",\"slidenav_margin\":\"medium\",\"slidenav_outside_breakpoint\":\"xl\",\"slideshow_autoplay_pause\":true,\"slideshow_min_height\":300,\"thumbnav_height\":\"75\",\"thumbnav_svg_color\":\"emphasis\",\"thumbnav_width\":\"100\",\"title_element\":\"h3\"},\"children\":[{\"type\":\"slideshow_item\",\"props\":{\"image\":\"wp-content\\\/uploads\\\/2023\\\/10\\\/arrasate-aldatzeko-scaled.jpg\"}}]}]}]},{\"type\":\"row\",\"props\":{\"column_gap\":\"collapse\",\"layout\":\"1-2,1-2\",\"row_gap\":\"collapse\"},\"children\":[{\"type\":\"column\",\"props\":{\"image_position\":\"center-center\",\"position_sticky_breakpoint\":\"m\",\"width_medium\":\"1-2\"},\"children\":[{\"type\":\"slideshow\",\"props\":{\"link_style\":\"default\",\"link_text\":\"Read more\",\"margin\":\"default\",\"meta_align\":\"below-title\",\"meta_element\":\"div\",\"meta_style\":\"text-meta\",\"nav\":\"dotnav\",\"nav_align\":\"center\",\"nav_breakpoint\":\"s\",\"nav_position\":\"bottom-center\",\"nav_position_margin\":\"medium\",\"overlay_animation\":\"parallax\",\"overlay_position\":\"center-left\",\"show_content\":true,\"show_link\":true,\"show_meta\":true,\"show_thumbnail\":true,\"show_title\":true,\"slidenav\":\"default\",\"slidenav_breakpoint\":\"s\",\"slidenav_margin\":\"medium\",\"slidenav_outside_breakpoint\":\"xl\",\"slideshow_autoplay_pause\":true,\"slideshow_min_height\":300,\"thumbnav_height\":\"75\",\"thumbnav_svg_color\":\"emphasis\",\"thumbnav_width\":\"100\",\"title_element\":\"h3\"},\"children\":[{\"type\":\"slideshow_item\",\"props\":{\"image\":\"wp-content\\\/uploads\\\/2022\\\/06\\\/arrasate2.jpg\"}}]}]},{\"type\":\"column\",\"props\":{\"image_position\":\"center-center\",\"position_sticky_breakpoint\":\"m\",\"width_medium\":\"1-2\"},\"children\":[{\"type\":\"slideshow\",\"props\":{\"link_style\":\"default\",\"link_text\":\"Read more\",\"margin\":\"default\",\"meta_align\":\"below-title\",\"meta_element\":\"div\",\"meta_style\":\"text-meta\",\"nav\":\"dotnav\",\"nav_align\":\"center\",\"nav_breakpoint\":\"s\",\"nav_position\":\"bottom-center\",\"nav_position_margin\":\"medium\",\"overlay_animation\":\"parallax\",\"overlay_position\":\"center-left\",\"show_content\":true,\"show_link\":true,\"show_meta\":true,\"show_thumbnail\":true,\"show_title\":true,\"slidenav\":\"default\",\"slidenav_breakpoint\":\"s\",\"slidenav_margin\":\"medium\",\"slidenav_outside_breakpoint\":\"xl\",\"slideshow_autoplay_pause\":true,\"slideshow_min_height\":300,\"thumbnav_height\":\"75\",\"thumbnav_svg_color\":\"emphasis\",\"thumbnav_width\":\"100\",\"title_element\":\"h3\"},\"children\":[{\"type\":\"slideshow_item\",\"props\":{\"image\":\"wp-content\\\/uploads\\\/2022\\\/06\\\/arrasate3.jpg\"}}]}]}]}],\"name\":\"arrasate2\"}],\"version\":\"4.0.6\",\"yooessentialsVersion\":\"2.0.9\"} --><\/p>\n","protected":false},"excerpt":{"rendered":"<p>ARRASATEKO AZOKA PLAZA En 1972 el mercado de Sebero se cierra y se traslada a su actual ubicaci\u00f3n. E nuevo mercado se ubic\u00f3 en el s\u00f3tano de un edificio de viviendas, En esta feria se pueden encontrar diferentes tipos de puestos: puesto fijo (helados) puestos especiales (frutas y verduras, naranjas, queso, miel, frutos secos, aceitunas&#8230;) [&hellip;]<\/p>\n","protected":false},"author":1,"featured_media":0,"parent":0,"menu_order":0,"comment_status":"closed","ping_status":"closed","template":"","meta":[],"acf":[],"_links":{"self":[{"href":"https:\/\/azokensarea.eus\/es\/wp-json\/wp\/v2\/pages\/1028"}],"collection":[{"href":"https:\/\/azokensarea.eus\/es\/wp-json\/wp\/v2\/pages"}],"about":[{"href":"https:\/\/azokensarea.eus\/es\/wp-json\/wp\/v2\/types\/page"}],"author":[{"embeddable":true,"href":"https:\/\/azokensarea.eus\/es\/wp-json\/wp\/v2\/users\/1"}],"replies":[{"embeddable":true,"href":"https:\/\/azokensarea.eus\/es\/wp-json\/wp\/v2\/comments?post=1028"}],"version-history":[{"count":10,"href":"https:\/\/azokensarea.eus\/es\/wp-json\/wp\/v2\/pages\/1028\/revisions"}],"predecessor-version":[{"id":1689,"href":"https:\/\/azokensarea.eus\/es\/wp-json\/wp\/v2\/pages\/1028\/revisions\/1689"}],"wp:attachment":[{"href":"https:\/\/azokensarea.eus\/es\/wp-json\/wp\/v2\/media?parent=1028"}],"curies":[{"name":"wp","href":"https:\/\/api.w.org\/{rel}","templated":true}]}}

<h2>
<p class="p1"><b>ARRASATE</b><strong>KO</strong> AZOKA PLAZA</p>
</h2>
<div>
<p>En 1972 el mercado de Sebero se cierra y se traslada a su actual ubicación. E nuevo mercado se ubicó en el sótano de un edificio de viviendas, En esta feria se pueden encontrar diferentes tipos de puestos:</p>
<ul>
<li>puesto fijo (helados)</li>
<li>puestos especiales (frutas y verduras, naranjas, queso, miel, frutos secos, aceitunas&#8230;)</li>
<li>baserritarras (verduras, pan, queso, huevos&#8230;)</li>
<li>puestos sin ánimo de lucro (Fundación Goyeneche)</li>
</ul>
<p>En los últimos años el Ayuntamiento trabaja en la redacción de un proyecto de renovación de la instalación con el objetivo de revitalizar la feria. Con este proyecto se pretende conseguir una tienda de referencia moderna y de amplia oferta, referente comercial del producto local para los vecinos de Arrasate y el valle.</p>
</div>
<div>
<h4>DÍA DE MERCADO Y HORARIO:</h4>
<div>
<p>Puestos fijos (de martes a sábado) mañana:<br />9:00-13:00</p>
<p>Productores miércoles y jueves por la mañana:<br />7:00-13:30</p>
</div>
</div>
<div>
<h3>UBICACIÓN:</h3>
<div>
<p>En el centro de Arrasate, calle mondragonés.</p>
</div>
<p><a href="https://goo.gl/maps/LCTFd8WHw1Eb84Mc6">Ver ubicación</a></p>
</div>
<div>
<h3>PROGRAMA AZOKATIK MAHAIRA:</h3>
<p><a href="https://www.youtube.com/watch?v=2m71_3AzKOs">Ver vídeo</a></p>
</div>
<div>
<h3>Enlaces:</h3>
</div>
<ul>
<li><a href="https://www.arrasate.eus/es">social</a>
</li>
</ul>
<div>
<p>    <img src="/wp-content/uploads/2023/10/arrasate-aldatzeko-scaled.jpg" alt=""></p>
</div>
<div>
<p>    <img src="/wp-content/uploads/2022/06/arrasate2.jpg" alt=""></p>
</div>
<div>
<p>    <img src="/wp-content/uploads/2022/06/arrasate3.jpg" alt=""></p>
</div>
<p><!--more--><br />
<!-- {"type":"layout","children":[{"type":"section","props":{"animation":"fade","animation_delay":"200","id":"arrasate","image_position":"center-center","style":"secondary","title_breakpoint":"xl","title_position":"top-left","title_rotation":"left","vertical_align":"middle","width":"default"},"children":[{"type":"row","children":[{"type":"column","props":{"image_position":"center-center","position_sticky_breakpoint":"m"},"children":[{"type":"headline","props":{"content":"

<p class=\"p1\"><b>ARRASATE<\/b><strong>KO<\/strong> AZOKA PLAZA<\/p>","title_color":"primary","title_element":"h2","title_style":"h2"}}]}]},{"type":"row","props":{"layout":"3-5,2-5"},"children":[{"type":"column","props":{"image_position":"center-center","position_sticky_breakpoint":"m","width_medium":"3-5"},"children":[{"type":"text","props":{"column_breakpoint":"m","content":"

<p>En 1972 el mercado de Sebero se cierra y se traslada a su actual ubicaci\u00f3n. E nuevo mercado se ubic\u00f3 en el s\u00f3tano de un edificio de viviendas, En esta feria se pueden encontrar diferentes tipos de puestos:<\/p>\n

<ul>\n

<li>puesto fijo (helados)<\/li>\n

<li>puestos especiales (frutas y verduras, naranjas, queso, miel, frutos secos, aceitunas...)<\/li>\n

<li>baserritarras (verduras, pan, queso, huevos...)<\/li>\n

<li>puestos sin \u00e1nimo de lucro (Fundaci\u00f3n Goyeneche)<\/li>\n<\/ul>\n

<p>En los \u00faltimos a\u00f1os el Ayuntamiento trabaja en la redacci\u00f3n de un proyecto de renovaci\u00f3n de la instalaci\u00f3n con el objetivo de revitalizar la feria. Con este proyecto se pretende conseguir una tienda de referencia moderna y de amplia oferta, referente comercial del producto local para los vecinos de Arrasate y el valle.<\/p>","margin":"default","text_style":"large"}}]},{"type":"column","props":{"image_position":"center-center","position_sticky_breakpoint":"m","width_medium":"2-5"},"children":[{"type":"panel","props":{"content":"

<p>Puestos fijos (de martes a s\u00e1bado) ma\u00f1ana:<br \/>9:00-13:00<\/p>\n

<p>Productores mi\u00e9rcoles y jueves por la ma\u00f1ana:<br \/>7:00-13:30<\/p>","content_column_breakpoint":"m","content_margin":"small","icon_width":80,"image_align":"top","image_grid_breakpoint":"m","image_grid_width":"1-2","image_svg_color":"emphasis","link_style":"default","link_text":"Read more","margin":"default","meta_align":"below-title","meta_element":"div","meta_style":"text-meta","title":"D\u00cdA DE MERCADO Y HORARIO:","title_align":"top","title_element":"h4","title_grid_breakpoint":"m","title_grid_width":"1-2","title_hover_style":"reset"}},{"type":"panel","props":{"content":"

<p>En el centro de Arrasate, calle mondragon\u00e9s.<\/p>","content_column_breakpoint":"m","content_margin":"small","icon_width":80,"image_align":"top","image_grid_breakpoint":"m","image_grid_width":"1-2","image_svg_color":"emphasis","link":"https:\/\/goo.gl\/maps\/LCTFd8WHw1Eb84Mc6","link_margin":"small","link_style":"text","link_target":true,"link_text":"Ver ubicaci\u00f3n","margin":"default","meta_align":"below-title","meta_element":"div","meta_style":"text-meta","title":"UBICACI\u00d3N:","title_align":"top","title_element":"h3","title_grid_breakpoint":"m","title_grid_width":"1-2","title_hover_style":"reset","title_style":"h4"}},{"type":"panel","props":{"content":"","content_column_breakpoint":"m","content_margin":"small","icon_width":80,"image_align":"top","image_grid_breakpoint":"m","image_grid_width":"1-2","image_svg_color":"emphasis","link":"https:\/\/www.youtube.com\/watch?v=2m71_3AzKOs","link_margin":"small","link_style":"text","link_target":true,"link_text":"Ver v\u00eddeo","margin":"default","meta_align":"below-title","meta_element":"div","meta_style":"text-meta","title":"PROGRAMA AZOKATIK MAHAIRA:","title_align":"top","title_element":"h3","title_grid_breakpoint":"m","title_grid_width":"1-2","title_hover_style":"reset","title_style":"h4"}},{"type":"panel","props":{"content":"","content_column_breakpoint":"m","content_margin":"small","icon_width":80,"image_align":"top","image_grid_breakpoint":"m","image_grid_width":"1-2","image_svg_color":"emphasis","link_margin":"small","link_style":"text","link_target":true,"link_text":"Ikusi kokapena","margin":"default","meta_align":"below-title","meta_element":"div","meta_style":"text-meta","title":"Enlaces:","title_align":"top","title_element":"h3","title_grid_breakpoint":"m","title_grid_width":"1-2","title_hover_style":"reset","title_style":"h4"}},{"type":"social","props":{"grid":"horizontal","grid_gap":"small","image_svg_inline":true,"link_style":"","link_target":true,"margin":"default"},"children":[{"type":"social_item","props":{"icon":"world","link":"https:\/\/www.arrasate.eus\/es"}}]}]}]}],"name":"arrasate"},{"type":"section","props":{"animation":"fade","animation_delay":"200","image_position":"center-center","padding":"none","style":"default","title_breakpoint":"xl","title_position":"top-left","title_rotation":"left","vertical_align":"middle","width":""},"children":[{"type":"row","props":{"column_gap":"collapse","row_gap":"collapse"},"children":[{"type":"column","props":{"image_position":"center-center","position_sticky_breakpoint":"m"},"children":[{"type":"slideshow","props":{"link_style":"default","link_text":"Read more","margin":"default","meta_align":"below-title","meta_element":"div","meta_style":"text-meta","nav":"dotnav","nav_align":"center","nav_breakpoint":"s","nav_position":"bottom-center","nav_position_margin":"medium","overlay_animation":"parallax","overlay_position":"center-left","show_content":true,"show_link":true,"show_meta":true,"show_thumbnail":true,"show_title":true,"slidenav":"default","slidenav_breakpoint":"s","slidenav_margin":"medium","slidenav_outside_breakpoint":"xl","slideshow_autoplay_pause":true,"slideshow_min_height":300,"thumbnav_height":"75","thumbnav_svg_color":"emphasis","thumbnav_width":"100","title_element":"h3"},"children":[{"type":"slideshow_item","props":{"image":"wp-content\/uploads\/2023\/10\/arrasate-aldatzeko-scaled.jpg"}}]}]}]},{"type":"row","props":{"column_gap":"collapse","layout":"1-2,1-2","row_gap":"collapse"},"children":[{"type":"column","props":{"image_position":"center-center","position_sticky_breakpoint":"m","width_medium":"1-2"},"children":[{"type":"slideshow","props":{"link_style":"default","link_text":"Read more","margin":"default","meta_align":"below-title","meta_element":"div","meta_style":"text-meta","nav":"dotnav","nav_align":"center","nav_breakpoint":"s","nav_position":"bottom-center","nav_position_margin":"medium","overlay_animation":"parallax","overlay_position":"center-left","show_content":true,"show_link":true,"show_meta":true,"show_thumbnail":true,"show_title":true,"slidenav":"default","slidenav_breakpoint":"s","slidenav_margin":"medium","slidenav_outside_breakpoint":"xl","slideshow_autoplay_pause":true,"slideshow_min_height":300,"thumbnav_height":"75","thumbnav_svg_color":"emphasis","thumbnav_width":"100","title_element":"h3"},"children":[{"type":"slideshow_item","props":{"image":"wp-content\/uploads\/2022\/06\/arrasate2.jpg"}}]}]},{"type":"column","props":{"image_position":"center-center","position_sticky_breakpoint":"m","width_medium":"1-2"},"children":[{"type":"slideshow","props":{"link_style":"default","link_text":"Read more","margin":"default","meta_align":"below-title","meta_element":"div","meta_style":"text-meta","nav":"dotnav","nav_align":"center","nav_breakpoint":"s","nav_position":"bottom-center","nav_position_margin":"medium","overlay_animation":"parallax","overlay_position":"center-left","show_content":true,"show_link":true,"show_meta":true,"show_thumbnail":true,"show_title":true,"slidenav":"default","slidenav_breakpoint":"s","slidenav_margin":"medium","slidenav_outside_breakpoint":"xl","slideshow_autoplay_pause":true,"slideshow_min_height":300,"thumbnav_height":"75","thumbnav_svg_color":"emphasis","thumbnav_width":"100","title_element":"h3"},"children":[{"type":"slideshow_item","props":{"image":"wp-content\/uploads\/2022\/06\/arrasate3.jpg"}}]}]}]}],"name":"arrasate2"}],"version":"4.0.6","yooessentialsVersion":"2.0.9"} --></p>

<p>ARRASATEKO AZOKA PLAZA En 1972 el mercado de Sebero se cierra y se traslada a su actual ubicación. E nuevo mercado se ubicó en el sótano de un edificio de viviendas, En esta feria se pueden encontrar diferentes tipos de puestos: puesto fijo (helados) puestos especiales (frutas y verduras, naranjas, queso, miel, frutos secos, aceitunas&#8230;) [&hellip;]</p>
