{"id":1040,"date":"2022-09-29T12:06:01","date_gmt":"2022-09-29T12:06:01","guid":{"rendered":"http:\/\/azokensarea.eus\/azkoitia\/"},"modified":"2024-03-15T10:25:35","modified_gmt":"2024-03-15T10:25:35","slug":"azkoitia","status":"publish","type":"page","link":"https:\/\/azokensarea.eus\/es\/azkoitia\/","title":{"rendered":"Azkoitia"},"content":{"rendered":"<h2>\n<p class=\"p1\"><strong>AZKOITIKO<\/strong> AZOKA PLAZA<\/p>\n<\/h2>\n<div>\n<p>La Plaza del Mercado de Azkoitia se corresponde con el edificio de las antiguas escuelas (1903). Este edificio fue dise\u00f1ado por el arquitecto Manuel Echave, quien elabor\u00f3 los planos de la Catedral de San Sebasti\u00e1n. En 1926 la Feria se anexa al singular edificio volado sobre el r\u00edo, al estilo denominado nueva arquitectura vasca.<\/p>\n<p>Al estar situado en la Herriko Plaza, XVI. Desde el siglo XX, este espacio re\u00fane a sus habitantes para sus principales misiones p\u00fablicas. En \u00e9l se desarrollan numerosas actividades festivas, comerciales y sociales.<\/p>\n<p>Al mercado acuden productores de Azkoitia y el valle a vender productos de temporada, frutas, plantas, pan, quesos, verduras, etc. Tambi\u00e9n hay carnicer\u00edas y puestos fijos de otras comidas y servicios.<\/p>\n<p>En la actualidad, la Feria est\u00e1 en proceso de transformaci\u00f3n y estudio, con el objetivo de introducir mejoras y revitalizar su actividad.<\/p>\n<\/div>\n<div>\n<h4>D\u00cdA DE MERCADO Y HORARIO:<\/h4>\n<div>\n<p>S\u00e1bados por la ma\u00f1ana: 07:30 \u2013 13:00<\/p>\n<p>Viernes por la tarde: 17:30 \u2013 20:00<\/p>\n<\/div>\n<\/div>\n<div>\n<h3>UBICACI\u00d3N:<\/h3>\n<div>\n<p>La Feria de Azkoitia est\u00e1 situada en el centro de la localidad, en la Plaza Mayor del Pueblo.<\/p>\n<\/div>\n<p><a href=\"https:\/\/www.google.com\/maps\/place\/Azkoitiko+merkatua\/@43.1770946,-\">Ver ubicaci\u00f3n<\/a><\/p>\n<\/div>\n<div>\n<h3>PROGRAMA AZOKATIK MAHAIRA:<\/h3>\n<p><a href=\"https:\/\/www.youtube.com\/watch?v=rqf6bB8GEqs\">Ver v\u00eddeo<\/a><\/p>\n<\/div>\n<div>\n<h3>Enlaces:<\/h3>\n<\/div>\n<ul>\n<li><a href=\"\/www.azkoitia.eus\">social<\/a>\n<\/li>\n<li><a href=\"\/www.urolaturismo.eus\">social<\/a>\n<\/li>\n<\/ul>\n<div>\n<p>    <img src=\"\/wp-content\/uploads\/2022\/06\/azkoitia1.jpg\" alt=\"\"><\/p>\n<\/div>\n<div>\n<p>    <img src=\"\/wp-content\/uploads\/2022\/06\/azkoitia2.jpg\" alt=\"\"><\/p>\n<\/div>\n<div>\n<p>    <img src=\"\/wp-content\/uploads\/2022\/06\/azkoitia3.jpg\" alt=\"\"><\/p>\n<\/div>\n<p><!--more--><br \/>\n<!-- {\"type\":\"layout\",\"children\":[{\"type\":\"section\",\"props\":{\"animation\":\"fade\",\"animation_delay\":\"200\",\"id\":\"azkoitia\",\"image_position\":\"center-center\",\"style\":\"primary\",\"title_breakpoint\":\"xl\",\"title_position\":\"top-left\",\"title_rotation\":\"left\",\"vertical_align\":\"middle\",\"width\":\"default\"},\"children\":[{\"type\":\"row\",\"children\":[{\"type\":\"column\",\"props\":{\"image_position\":\"center-center\",\"position_sticky_breakpoint\":\"m\"},\"children\":[{\"type\":\"headline\",\"props\":{\"content\":\"\n\n<p class=\\\"p1\\\"><strong>AZKOITIKO<\\\/strong> AZOKA PLAZA<\\\/p>\",\"title_color\":\"primary\",\"title_element\":\"h2\",\"title_style\":\"h2\"}}]}]},{\"type\":\"row\",\"props\":{\"layout\":\"3-5,2-5\"},\"children\":[{\"type\":\"column\",\"props\":{\"image_position\":\"center-center\",\"position_sticky_breakpoint\":\"m\",\"width_medium\":\"3-5\"},\"children\":[{\"type\":\"text\",\"props\":{\"column_breakpoint\":\"m\",\"content\":\"\n\n<p>La Plaza del Mercado de Azkoitia se corresponde con el edificio de las antiguas escuelas (1903). Este edificio fue dise\\u00f1ado por el arquitecto Manuel Echave, quien elabor\\u00f3 los planos de la Catedral de San Sebasti\\u00e1n. En 1926 la Feria se anexa al singular edificio volado sobre el r\\u00edo, al estilo denominado nueva arquitectura vasca.<\\\/p>\\n\n\n<p>Al estar situado en la Herriko Plaza, XVI. Desde el siglo XX, este espacio re\\u00fane a sus habitantes para sus principales misiones p\\u00fablicas. En \\u00e9l se desarrollan numerosas actividades festivas, comerciales y sociales.<\\\/p>\\n\n\n<p>Al mercado acuden productores de Azkoitia y el valle a vender productos de temporada, frutas, plantas, pan, quesos, verduras, etc. Tambi\\u00e9n hay carnicer\\u00edas y puestos fijos de otras comidas y servicios.<\\\/p>\\n\n\n<p>En la actualidad, la Feria est\\u00e1 en proceso de transformaci\\u00f3n y estudio, con el objetivo de introducir mejoras y revitalizar su actividad.<\\\/p>\",\"margin\":\"default\",\"text_style\":\"large\"}}]},{\"type\":\"column\",\"props\":{\"image_position\":\"center-center\",\"position_sticky_breakpoint\":\"m\",\"width_medium\":\"2-5\"},\"children\":[{\"type\":\"panel\",\"props\":{\"content\":\"\n\n<p>S\\u00e1bados por la ma\\u00f1ana: 07:30 \\u2013 13:00<\\\/p>\\n\n\n<p>Viernes por la tarde: 17:30 \\u2013 20:00<\\\/p>\",\"content_column_breakpoint\":\"m\",\"content_margin\":\"small\",\"icon_width\":80,\"image_align\":\"top\",\"image_grid_breakpoint\":\"m\",\"image_grid_width\":\"1-2\",\"image_svg_color\":\"emphasis\",\"link_style\":\"default\",\"link_text\":\"Read more\",\"margin\":\"default\",\"meta_align\":\"below-title\",\"meta_element\":\"div\",\"meta_style\":\"text-meta\",\"title\":\"D\\u00cdA DE MERCADO Y HORARIO:\",\"title_align\":\"top\",\"title_element\":\"h4\",\"title_grid_breakpoint\":\"m\",\"title_grid_width\":\"1-2\",\"title_hover_style\":\"reset\"}},{\"type\":\"panel\",\"props\":{\"content\":\"\n\n<p>La Feria de Azkoitia est\\u00e1 situada en el centro de la localidad, en la Plaza Mayor del Pueblo.<\\\/p>\",\"content_column_breakpoint\":\"m\",\"content_margin\":\"small\",\"icon_width\":80,\"image_align\":\"top\",\"image_grid_breakpoint\":\"m\",\"image_grid_width\":\"1-2\",\"image_svg_color\":\"emphasis\",\"link\":\"https:\\\/\\\/www.google.com\\\/maps\\\/place\\\/Azkoitiko+merkatua\\\/@43.1770946,-\",\"link_margin\":\"small\",\"link_style\":\"text\",\"link_target\":true,\"link_text\":\"Ver ubicaci\\u00f3n\",\"margin\":\"default\",\"meta_align\":\"below-title\",\"meta_element\":\"div\",\"meta_style\":\"text-meta\",\"title\":\"UBICACI\\u00d3N:\",\"title_align\":\"top\",\"title_element\":\"h3\",\"title_grid_breakpoint\":\"m\",\"title_grid_width\":\"1-2\",\"title_hover_style\":\"reset\",\"title_style\":\"h4\"}},{\"type\":\"panel\",\"props\":{\"content\":\"\",\"content_column_breakpoint\":\"m\",\"content_margin\":\"small\",\"icon_width\":80,\"image_align\":\"top\",\"image_grid_breakpoint\":\"m\",\"image_grid_width\":\"1-2\",\"image_svg_color\":\"emphasis\",\"link\":\"https:\\\/\\\/www.youtube.com\\\/watch?v=rqf6bB8GEqs\",\"link_margin\":\"small\",\"link_style\":\"text\",\"link_target\":true,\"link_text\":\"Ver v\\u00eddeo\",\"margin\":\"default\",\"meta_align\":\"below-title\",\"meta_element\":\"div\",\"meta_style\":\"text-meta\",\"title\":\"PROGRAMA AZOKATIK MAHAIRA:\",\"title_align\":\"top\",\"title_element\":\"h3\",\"title_grid_breakpoint\":\"m\",\"title_grid_width\":\"1-2\",\"title_hover_style\":\"reset\",\"title_style\":\"h4\"}},{\"type\":\"panel\",\"props\":{\"content\":\"\",\"content_column_breakpoint\":\"m\",\"content_margin\":\"small\",\"icon_width\":80,\"image_align\":\"top\",\"image_grid_breakpoint\":\"m\",\"image_grid_width\":\"1-2\",\"image_svg_color\":\"emphasis\",\"link_margin\":\"small\",\"link_style\":\"text\",\"link_target\":true,\"link_text\":\"Ikusi kokapena\",\"margin\":\"default\",\"meta_align\":\"below-title\",\"meta_element\":\"div\",\"meta_style\":\"text-meta\",\"title\":\"Enlaces:\",\"title_align\":\"top\",\"title_element\":\"h3\",\"title_grid_breakpoint\":\"m\",\"title_grid_width\":\"1-2\",\"title_hover_style\":\"reset\",\"title_style\":\"h4\"}},{\"type\":\"social\",\"props\":{\"grid\":\"horizontal\",\"grid_gap\":\"small\",\"image_svg_inline\":true,\"link_style\":\"\",\"link_target\":true,\"margin\":\"default\"},\"children\":[{\"type\":\"social_item\",\"props\":{\"icon\":\"world\",\"link\":\"www.azkoitia.eus\"}},{\"type\":\"social_item\",\"props\":{\"icon\":\"info\",\"link\":\"www.urolaturismo.eus\"}}]}]}]}],\"name\":\"azkotia\"},{\"type\":\"section\",\"props\":{\"animation\":\"fade\",\"animation_delay\":\"200\",\"image_position\":\"center-center\",\"padding\":\"none\",\"style\":\"default\",\"title_breakpoint\":\"xl\",\"title_position\":\"top-left\",\"title_rotation\":\"left\",\"vertical_align\":\"middle\",\"width\":\"\"},\"children\":[{\"type\":\"row\",\"props\":{\"column_gap\":\"collapse\",\"row_gap\":\"collapse\"},\"children\":[{\"type\":\"column\",\"props\":{\"image_position\":\"center-center\",\"position_sticky_breakpoint\":\"m\"},\"children\":[{\"type\":\"slideshow\",\"props\":{\"link_style\":\"default\",\"link_text\":\"Read more\",\"margin\":\"default\",\"meta_align\":\"below-title\",\"meta_element\":\"div\",\"meta_style\":\"text-meta\",\"nav\":\"dotnav\",\"nav_align\":\"center\",\"nav_breakpoint\":\"s\",\"nav_position\":\"bottom-center\",\"nav_position_margin\":\"medium\",\"overlay_animation\":\"parallax\",\"overlay_position\":\"center-left\",\"show_content\":true,\"show_link\":true,\"show_meta\":true,\"show_thumbnail\":true,\"show_title\":true,\"slidenav\":\"default\",\"slidenav_breakpoint\":\"s\",\"slidenav_margin\":\"medium\",\"slidenav_outside_breakpoint\":\"xl\",\"slideshow_autoplay_pause\":true,\"slideshow_min_height\":300,\"thumbnav_height\":\"75\",\"thumbnav_svg_color\":\"emphasis\",\"thumbnav_width\":\"100\",\"title_element\":\"h3\"},\"children\":[{\"type\":\"slideshow_item\",\"props\":{\"image\":\"wp-content\\\/uploads\\\/2022\\\/06\\\/azkoitia1.jpg\"}}]}]}]},{\"type\":\"row\",\"props\":{\"column_gap\":\"collapse\",\"layout\":\"1-2,1-2\",\"row_gap\":\"collapse\"},\"children\":[{\"type\":\"column\",\"props\":{\"image_position\":\"center-center\",\"position_sticky_breakpoint\":\"m\",\"width_medium\":\"1-2\"},\"children\":[{\"type\":\"slideshow\",\"props\":{\"link_style\":\"default\",\"link_text\":\"Read more\",\"margin\":\"default\",\"meta_align\":\"below-title\",\"meta_element\":\"div\",\"meta_style\":\"text-meta\",\"nav\":\"dotnav\",\"nav_align\":\"center\",\"nav_breakpoint\":\"s\",\"nav_position\":\"bottom-center\",\"nav_position_margin\":\"medium\",\"overlay_animation\":\"parallax\",\"overlay_position\":\"center-left\",\"show_content\":true,\"show_link\":true,\"show_meta\":true,\"show_thumbnail\":true,\"show_title\":true,\"slidenav\":\"default\",\"slidenav_breakpoint\":\"s\",\"slidenav_margin\":\"medium\",\"slidenav_outside_breakpoint\":\"xl\",\"slideshow_autoplay_pause\":true,\"slideshow_min_height\":300,\"thumbnav_height\":\"75\",\"thumbnav_svg_color\":\"emphasis\",\"thumbnav_width\":\"100\",\"title_element\":\"h3\"},\"children\":[{\"type\":\"slideshow_item\",\"props\":{\"image\":\"wp-content\\\/uploads\\\/2022\\\/06\\\/azkoitia2.jpg\"}}]}]},{\"type\":\"column\",\"props\":{\"image_position\":\"center-center\",\"position_sticky_breakpoint\":\"m\",\"width_medium\":\"1-2\"},\"children\":[{\"type\":\"slideshow\",\"props\":{\"link_style\":\"default\",\"link_text\":\"Read more\",\"margin\":\"default\",\"meta_align\":\"below-title\",\"meta_element\":\"div\",\"meta_style\":\"text-meta\",\"nav\":\"dotnav\",\"nav_align\":\"center\",\"nav_breakpoint\":\"s\",\"nav_position\":\"bottom-center\",\"nav_position_margin\":\"medium\",\"overlay_animation\":\"parallax\",\"overlay_position\":\"center-left\",\"show_content\":true,\"show_link\":true,\"show_meta\":true,\"show_thumbnail\":true,\"show_title\":true,\"slidenav\":\"default\",\"slidenav_breakpoint\":\"s\",\"slidenav_margin\":\"medium\",\"slidenav_outside_breakpoint\":\"xl\",\"slideshow_autoplay_pause\":true,\"slideshow_min_height\":300,\"thumbnav_height\":\"75\",\"thumbnav_svg_color\":\"emphasis\",\"thumbnav_width\":\"100\",\"title_element\":\"h3\"},\"children\":[{\"type\":\"slideshow_item\",\"props\":{\"image\":\"wp-content\\\/uploads\\\/2022\\\/06\\\/azkoitia3.jpg\"}}]}]}]}],\"name\":\"azkoitia2\"}],\"version\":\"4.0.6\",\"yooessentialsVersion\":\"2.0.9\"} --><\/p>\n","protected":false},"excerpt":{"rendered":"<p>AZKOITIKO AZOKA PLAZA La Plaza del Mercado de Azkoitia se corresponde con el edificio de las antiguas escuelas (1903). Este edificio fue dise\u00f1ado por el arquitecto Manuel Echave, quien elabor\u00f3 los planos de la Catedral de San Sebasti\u00e1n. En 1926 la Feria se anexa al singular edificio volado sobre el r\u00edo, al estilo denominado nueva [&hellip;]<\/p>\n","protected":false},"author":1,"featured_media":0,"parent":0,"menu_order":0,"comment_status":"closed","ping_status":"closed","template":"","meta":[],"acf":[],"_links":{"self":[{"href":"https:\/\/azokensarea.eus\/es\/wp-json\/wp\/v2\/pages\/1040"}],"collection":[{"href":"https:\/\/azokensarea.eus\/es\/wp-json\/wp\/v2\/pages"}],"about":[{"href":"https:\/\/azokensarea.eus\/es\/wp-json\/wp\/v2\/types\/page"}],"author":[{"embeddable":true,"href":"https:\/\/azokensarea.eus\/es\/wp-json\/wp\/v2\/users\/1"}],"replies":[{"embeddable":true,"href":"https:\/\/azokensarea.eus\/es\/wp-json\/wp\/v2\/comments?post=1040"}],"version-history":[{"count":10,"href":"https:\/\/azokensarea.eus\/es\/wp-json\/wp\/v2\/pages\/1040\/revisions"}],"predecessor-version":[{"id":1690,"href":"https:\/\/azokensarea.eus\/es\/wp-json\/wp\/v2\/pages\/1040\/revisions\/1690"}],"wp:attachment":[{"href":"https:\/\/azokensarea.eus\/es\/wp-json\/wp\/v2\/media?parent=1040"}],"curies":[{"name":"wp","href":"https:\/\/api.w.org\/{rel}","templated":true}]}}

<h2>
<p class="p1"><strong>AZKOITIKO</strong> AZOKA PLAZA</p>
</h2>
<div>
<p>La Plaza del Mercado de Azkoitia se corresponde con el edificio de las antiguas escuelas (1903). Este edificio fue diseñado por el arquitecto Manuel Echave, quien elaboró los planos de la Catedral de San Sebastián. En 1926 la Feria se anexa al singular edificio volado sobre el río, al estilo denominado nueva arquitectura vasca.</p>
<p>Al estar situado en la Herriko Plaza, XVI. Desde el siglo XX, este espacio reúne a sus habitantes para sus principales misiones públicas. En él se desarrollan numerosas actividades festivas, comerciales y sociales.</p>
<p>Al mercado acuden productores de Azkoitia y el valle a vender productos de temporada, frutas, plantas, pan, quesos, verduras, etc. También hay carnicerías y puestos fijos de otras comidas y servicios.</p>
<p>En la actualidad, la Feria está en proceso de transformación y estudio, con el objetivo de introducir mejoras y revitalizar su actividad.</p>
</div>
<div>
<h4>DÍA DE MERCADO Y HORARIO:</h4>
<div>
<p>Sábados por la mañana: 07:30 – 13:00</p>
<p>Viernes por la tarde: 17:30 – 20:00</p>
</div>
</div>
<div>
<h3>UBICACIÓN:</h3>
<div>
<p>La Feria de Azkoitia está situada en el centro de la localidad, en la Plaza Mayor del Pueblo.</p>
</div>
<p><a href="https://www.google.com/maps/place/Azkoitiko+merkatua/@43.1770946,-">Ver ubicación</a></p>
</div>
<div>
<h3>PROGRAMA AZOKATIK MAHAIRA:</h3>
<p><a href="https://www.youtube.com/watch?v=rqf6bB8GEqs">Ver vídeo</a></p>
</div>
<div>
<h3>Enlaces:</h3>
</div>
<ul>
<li><a href="/www.azkoitia.eus">social</a>
</li>
<li><a href="/www.urolaturismo.eus">social</a>
</li>
</ul>
<div>
<p>    <img src="/wp-content/uploads/2022/06/azkoitia1.jpg" alt=""></p>
</div>
<div>
<p>    <img src="/wp-content/uploads/2022/06/azkoitia2.jpg" alt=""></p>
</div>
<div>
<p>    <img src="/wp-content/uploads/2022/06/azkoitia3.jpg" alt=""></p>
</div>
<p><!--more--><br />
<!-- {"type":"layout","children":[{"type":"section","props":{"animation":"fade","animation_delay":"200","id":"azkoitia","image_position":"center-center","style":"primary","title_breakpoint":"xl","title_position":"top-left","title_rotation":"left","vertical_align":"middle","width":"default"},"children":[{"type":"row","children":[{"type":"column","props":{"image_position":"center-center","position_sticky_breakpoint":"m"},"children":[{"type":"headline","props":{"content":"

<p class=\"p1\"><strong>AZKOITIKO<\/strong> AZOKA PLAZA<\/p>","title_color":"primary","title_element":"h2","title_style":"h2"}}]}]},{"type":"row","props":{"layout":"3-5,2-5"},"children":[{"type":"column","props":{"image_position":"center-center","position_sticky_breakpoint":"m","width_medium":"3-5"},"children":[{"type":"text","props":{"column_breakpoint":"m","content":"

<p>La Plaza del Mercado de Azkoitia se corresponde con el edificio de las antiguas escuelas (1903). Este edificio fue dise\u00f1ado por el arquitecto Manuel Echave, quien elabor\u00f3 los planos de la Catedral de San Sebasti\u00e1n. En 1926 la Feria se anexa al singular edificio volado sobre el r\u00edo, al estilo denominado nueva arquitectura vasca.<\/p>\n

<p>Al estar situado en la Herriko Plaza, XVI. Desde el siglo XX, este espacio re\u00fane a sus habitantes para sus principales misiones p\u00fablicas. En \u00e9l se desarrollan numerosas actividades festivas, comerciales y sociales.<\/p>\n

<p>Al mercado acuden productores de Azkoitia y el valle a vender productos de temporada, frutas, plantas, pan, quesos, verduras, etc. Tambi\u00e9n hay carnicer\u00edas y puestos fijos de otras comidas y servicios.<\/p>\n

<p>En la actualidad, la Feria est\u00e1 en proceso de transformaci\u00f3n y estudio, con el objetivo de introducir mejoras y revitalizar su actividad.<\/p>","margin":"default","text_style":"large"}}]},{"type":"column","props":{"image_position":"center-center","position_sticky_breakpoint":"m","width_medium":"2-5"},"children":[{"type":"panel","props":{"content":"

<p>S\u00e1bados por la ma\u00f1ana: 07:30 \u2013 13:00<\/p>\n

<p>Viernes por la tarde: 17:30 \u2013 20:00<\/p>","content_column_breakpoint":"m","content_margin":"small","icon_width":80,"image_align":"top","image_grid_breakpoint":"m","image_grid_width":"1-2","image_svg_color":"emphasis","link_style":"default","link_text":"Read more","margin":"default","meta_align":"below-title","meta_element":"div","meta_style":"text-meta","title":"D\u00cdA DE MERCADO Y HORARIO:","title_align":"top","title_element":"h4","title_grid_breakpoint":"m","title_grid_width":"1-2","title_hover_style":"reset"}},{"type":"panel","props":{"content":"

<p>La Feria de Azkoitia est\u00e1 situada en el centro de la localidad, en la Plaza Mayor del Pueblo.<\/p>","content_column_breakpoint":"m","content_margin":"small","icon_width":80,"image_align":"top","image_grid_breakpoint":"m","image_grid_width":"1-2","image_svg_color":"emphasis","link":"https:\/\/www.google.com\/maps\/place\/Azkoitiko+merkatua\/@43.1770946,-","link_margin":"small","link_style":"text","link_target":true,"link_text":"Ver ubicaci\u00f3n","margin":"default","meta_align":"below-title","meta_element":"div","meta_style":"text-meta","title":"UBICACI\u00d3N:","title_align":"top","title_element":"h3","title_grid_breakpoint":"m","title_grid_width":"1-2","title_hover_style":"reset","title_style":"h4"}},{"type":"panel","props":{"content":"","content_column_breakpoint":"m","content_margin":"small","icon_width":80,"image_align":"top","image_grid_breakpoint":"m","image_grid_width":"1-2","image_svg_color":"emphasis","link":"https:\/\/www.youtube.com\/watch?v=rqf6bB8GEqs","link_margin":"small","link_style":"text","link_target":true,"link_text":"Ver v\u00eddeo","margin":"default","meta_align":"below-title","meta_element":"div","meta_style":"text-meta","title":"PROGRAMA AZOKATIK MAHAIRA:","title_align":"top","title_element":"h3","title_grid_breakpoint":"m","title_grid_width":"1-2","title_hover_style":"reset","title_style":"h4"}},{"type":"panel","props":{"content":"","content_column_breakpoint":"m","content_margin":"small","icon_width":80,"image_align":"top","image_grid_breakpoint":"m","image_grid_width":"1-2","image_svg_color":"emphasis","link_margin":"small","link_style":"text","link_target":true,"link_text":"Ikusi kokapena","margin":"default","meta_align":"below-title","meta_element":"div","meta_style":"text-meta","title":"Enlaces:","title_align":"top","title_element":"h3","title_grid_breakpoint":"m","title_grid_width":"1-2","title_hover_style":"reset","title_style":"h4"}},{"type":"social","props":{"grid":"horizontal","grid_gap":"small","image_svg_inline":true,"link_style":"","link_target":true,"margin":"default"},"children":[{"type":"social_item","props":{"icon":"world","link":"www.azkoitia.eus"}},{"type":"social_item","props":{"icon":"info","link":"www.urolaturismo.eus"}}]}]}]}],"name":"azkotia"},{"type":"section","props":{"animation":"fade","animation_delay":"200","image_position":"center-center","padding":"none","style":"default","title_breakpoint":"xl","title_position":"top-left","title_rotation":"left","vertical_align":"middle","width":""},"children":[{"type":"row","props":{"column_gap":"collapse","row_gap":"collapse"},"children":[{"type":"column","props":{"image_position":"center-center","position_sticky_breakpoint":"m"},"children":[{"type":"slideshow","props":{"link_style":"default","link_text":"Read more","margin":"default","meta_align":"below-title","meta_element":"div","meta_style":"text-meta","nav":"dotnav","nav_align":"center","nav_breakpoint":"s","nav_position":"bottom-center","nav_position_margin":"medium","overlay_animation":"parallax","overlay_position":"center-left","show_content":true,"show_link":true,"show_meta":true,"show_thumbnail":true,"show_title":true,"slidenav":"default","slidenav_breakpoint":"s","slidenav_margin":"medium","slidenav_outside_breakpoint":"xl","slideshow_autoplay_pause":true,"slideshow_min_height":300,"thumbnav_height":"75","thumbnav_svg_color":"emphasis","thumbnav_width":"100","title_element":"h3"},"children":[{"type":"slideshow_item","props":{"image":"wp-content\/uploads\/2022\/06\/azkoitia1.jpg"}}]}]}]},{"type":"row","props":{"column_gap":"collapse","layout":"1-2,1-2","row_gap":"collapse"},"children":[{"type":"column","props":{"image_position":"center-center","position_sticky_breakpoint":"m","width_medium":"1-2"},"children":[{"type":"slideshow","props":{"link_style":"default","link_text":"Read more","margin":"default","meta_align":"below-title","meta_element":"div","meta_style":"text-meta","nav":"dotnav","nav_align":"center","nav_breakpoint":"s","nav_position":"bottom-center","nav_position_margin":"medium","overlay_animation":"parallax","overlay_position":"center-left","show_content":true,"show_link":true,"show_meta":true,"show_thumbnail":true,"show_title":true,"slidenav":"default","slidenav_breakpoint":"s","slidenav_margin":"medium","slidenav_outside_breakpoint":"xl","slideshow_autoplay_pause":true,"slideshow_min_height":300,"thumbnav_height":"75","thumbnav_svg_color":"emphasis","thumbnav_width":"100","title_element":"h3"},"children":[{"type":"slideshow_item","props":{"image":"wp-content\/uploads\/2022\/06\/azkoitia2.jpg"}}]}]},{"type":"column","props":{"image_position":"center-center","position_sticky_breakpoint":"m","width_medium":"1-2"},"children":[{"type":"slideshow","props":{"link_style":"default","link_text":"Read more","margin":"default","meta_align":"below-title","meta_element":"div","meta_style":"text-meta","nav":"dotnav","nav_align":"center","nav_breakpoint":"s","nav_position":"bottom-center","nav_position_margin":"medium","overlay_animation":"parallax","overlay_position":"center-left","show_content":true,"show_link":true,"show_meta":true,"show_thumbnail":true,"show_title":true,"slidenav":"default","slidenav_breakpoint":"s","slidenav_margin":"medium","slidenav_outside_breakpoint":"xl","slideshow_autoplay_pause":true,"slideshow_min_height":300,"thumbnav_height":"75","thumbnav_svg_color":"emphasis","thumbnav_width":"100","title_element":"h3"},"children":[{"type":"slideshow_item","props":{"image":"wp-content\/uploads\/2022\/06\/azkoitia3.jpg"}}]}]}]}],"name":"azkoitia2"}],"version":"4.0.6","yooessentialsVersion":"2.0.9"} --></p>

<p>AZKOITIKO AZOKA PLAZA La Plaza del Mercado de Azkoitia se corresponde con el edificio de las antiguas escuelas (1903). Este edificio fue diseñado por el arquitecto Manuel Echave, quien elaboró los planos de la Catedral de San Sebastián. En 1926 la Feria se anexa al singular edificio volado sobre el río, al estilo denominado nueva [&hellip;]</p>
