{"id":1081,"date":"2023-06-21T09:40:59","date_gmt":"2023-06-21T09:40:59","guid":{"rendered":"http:\/\/azokensarea.eus\/donostia\/"},"modified":"2024-03-15T10:27:26","modified_gmt":"2024-03-15T10:27:26","slug":"donostia","status":"publish","type":"page","link":"https:\/\/azokensarea.eus\/es\/donostia\/","title":{"rendered":"Donostia"},"content":{"rendered":"<h2>BRETXAKO MERKATUA<\/h2>\n<div>\n<p>Este emblem\u00e1tico edificio data de 1870 y fue proyectado por Antonio Cortazar, aunque durante todos estos a\u00f1os su aspecto ha ido variando hasta llegar a su imagen actual. La tradicional feria de la Bretxa se encuentra en el punto medio situado entre el Palacio de Congresos Kursaal y el Ayuntamiento, justo fuera del centro comercial del mismo nombre. Los puestos de quesos, flores, verduras y frutas lo convierten en uno de los lugares m\u00e1s carism\u00e1ticos de San Sebasti\u00e1n, ya que es el \u00fanico mercado tradicional que queda hoy en d\u00eda.<\/p>\n<p>Todo lo que se vende en la feria lo traen los baserritarras de la zona, por lo que muchos restaurantes de la zona acuden al mercado para conseguir las mejores materias primas para sus comidas. Manzanas, tomates, pimientos, calabacines&#8230; llegan directamente al mercado desde la huerta y flores y plantas pertenecen al mismo caser\u00edo. Adem\u00e1s de los puestos tradicionales que podr\u00e1s ver fuera del mercado, el edificio cuenta con un centro de ocio con tiendas y comercios de todo tipo, manteniendo el encanto especial de un edificio hist\u00f3rico.<\/p>\n<\/div>\n<div>\n<h4>D\u00cdA DE MERCADO Y HORARIO:<\/h4>\n<div>\n<p>De lunes a s\u00e1bado: 08:00-14:30<\/p>\n<\/div>\n<\/div>\n<div>\n<h3>UBICACI\u00d3N:<\/h3>\n<div>Boulevard, 3<\/div>\n<p><a href=\"https:\/\/goo.gl\/maps\/mTDx1DcNMuzHc21p7\">Ver ubicaci\u00f3n<\/a><\/p>\n<\/div>\n<div>\n<h3>PROGRAMA AZOKATIK MAHAIRA:<\/h3>\n<p><a href=\"https:\/\/www.youtube.com\/watch?v=8X00iKiZHYE\">Ver v\u00eddeo<\/a><\/p>\n<\/div>\n<div>\n<h3>Enlaces:<\/h3>\n<\/div>\n<ul>\n<li><a href=\"https:\/\/www.facebook.com\/mercadobretxa\">facebook<\/a>\n<\/li>\n<li><a href=\"https:\/\/twitter.com\/laBretxa\">twitter<\/a>\n<\/li>\n<li><a href=\"https:\/\/instagram.com\/labretxadonostia?igshid=NTc4MTIwNjQ2YQ==\">instagram<\/a>\n<\/li>\n<\/ul>\n<p><!--more--><br \/>\n<!-- {\"type\":\"layout\",\"children\":[{\"type\":\"section\",\"props\":{\"animation\":\"fade\",\"animation_delay\":\"200\",\"id\":\"arrasate\",\"image_position\":\"center-center\",\"style\":\"secondary\",\"title_breakpoint\":\"xl\",\"title_position\":\"top-left\",\"title_rotation\":\"left\",\"vertical_align\":\"middle\",\"width\":\"default\"},\"children\":[{\"type\":\"row\",\"children\":[{\"type\":\"column\",\"props\":{\"image_position\":\"center-center\",\"position_sticky_breakpoint\":\"m\"},\"children\":[{\"type\":\"headline\",\"props\":{\"content\":\"BRETXAKO MERKATUA\",\"title_color\":\"primary\",\"title_element\":\"h2\",\"title_style\":\"h2\"}}]}]},{\"type\":\"row\",\"props\":{\"layout\":\"3-5,2-5\"},\"children\":[{\"type\":\"column\",\"props\":{\"image_position\":\"center-center\",\"position_sticky_breakpoint\":\"m\",\"width_medium\":\"3-5\"},\"children\":[{\"type\":\"text\",\"props\":{\"column_breakpoint\":\"m\",\"content\":\"\n\n<p>Este emblem\\u00e1tico edificio data de 1870 y fue proyectado por Antonio Cortazar, aunque durante todos estos a\\u00f1os su aspecto ha ido variando hasta llegar a su imagen actual. La tradicional feria de la Bretxa se encuentra en el punto medio situado entre el Palacio de Congresos Kursaal y el Ayuntamiento, justo fuera del centro comercial del mismo nombre. Los puestos de quesos, flores, verduras y frutas lo convierten en uno de los lugares m\\u00e1s carism\\u00e1ticos de San Sebasti\\u00e1n, ya que es el \\u00fanico mercado tradicional que queda hoy en d\\u00eda.<\\\/p>\\n\n\n<p>Todo lo que se vende en la feria lo traen los baserritarras de la zona, por lo que muchos restaurantes de la zona acuden al mercado para conseguir las mejores materias primas para sus comidas. Manzanas, tomates, pimientos, calabacines... llegan directamente al mercado desde la huerta y flores y plantas pertenecen al mismo caser\\u00edo. Adem\\u00e1s de los puestos tradicionales que podr\\u00e1s ver fuera del mercado, el edificio cuenta con un centro de ocio con tiendas y comercios de todo tipo, manteniendo el encanto especial de un edificio hist\\u00f3rico.<\\\/p>\",\"margin\":\"default\",\"text_style\":\"large\"}}]},{\"type\":\"column\",\"props\":{\"image_position\":\"center-center\",\"position_sticky_breakpoint\":\"m\",\"width_medium\":\"2-5\"},\"children\":[{\"type\":\"panel\",\"props\":{\"content\":\"\n\n<p>De lunes a s\\u00e1bado: 08:00-14:30<\\\/p>\",\"content_column_breakpoint\":\"m\",\"content_margin\":\"small\",\"icon_width\":80,\"image_align\":\"top\",\"image_grid_breakpoint\":\"m\",\"image_grid_width\":\"1-2\",\"image_svg_color\":\"emphasis\",\"link_style\":\"default\",\"link_text\":\"Read more\",\"margin\":\"default\",\"meta_align\":\"below-title\",\"meta_element\":\"div\",\"meta_style\":\"text-meta\",\"title\":\"D\\u00cdA DE MERCADO Y HORARIO:\",\"title_align\":\"top\",\"title_element\":\"h4\",\"title_grid_breakpoint\":\"m\",\"title_grid_width\":\"1-2\",\"title_hover_style\":\"reset\"}},{\"type\":\"panel\",\"props\":{\"content\":\"Boulevard, 3\",\"content_column_breakpoint\":\"m\",\"content_margin\":\"small\",\"icon_width\":80,\"image_align\":\"top\",\"image_grid_breakpoint\":\"m\",\"image_grid_width\":\"1-2\",\"image_svg_color\":\"emphasis\",\"link\":\"https:\\\/\\\/goo.gl\\\/maps\\\/mTDx1DcNMuzHc21p7\",\"link_margin\":\"small\",\"link_style\":\"text\",\"link_target\":true,\"link_text\":\"Ver ubicaci\\u00f3n\",\"margin\":\"default\",\"meta_align\":\"below-title\",\"meta_element\":\"div\",\"meta_style\":\"text-meta\",\"title\":\"UBICACI\\u00d3N:\",\"title_align\":\"top\",\"title_element\":\"h3\",\"title_grid_breakpoint\":\"m\",\"title_grid_width\":\"1-2\",\"title_hover_style\":\"reset\",\"title_style\":\"h4\"}},{\"type\":\"panel\",\"props\":{\"content\":\"\",\"content_column_breakpoint\":\"m\",\"content_margin\":\"small\",\"icon_width\":80,\"image_align\":\"top\",\"image_grid_breakpoint\":\"m\",\"image_grid_width\":\"1-2\",\"image_svg_color\":\"emphasis\",\"link\":\"https:\\\/\\\/www.youtube.com\\\/watch?v=8X00iKiZHYE\",\"link_margin\":\"small\",\"link_style\":\"text\",\"link_target\":true,\"link_text\":\"Ver v\\u00eddeo\",\"margin\":\"default\",\"meta_align\":\"below-title\",\"meta_element\":\"div\",\"meta_style\":\"text-meta\",\"title\":\"PROGRAMA AZOKATIK MAHAIRA:\",\"title_align\":\"top\",\"title_element\":\"h3\",\"title_grid_breakpoint\":\"m\",\"title_grid_width\":\"1-2\",\"title_hover_style\":\"reset\",\"title_style\":\"h4\"},\"name\":\"azokatikmahaira\"},{\"type\":\"panel\",\"props\":{\"content\":\"\",\"content_column_breakpoint\":\"m\",\"content_margin\":\"small\",\"icon_width\":80,\"image_align\":\"top\",\"image_grid_breakpoint\":\"m\",\"image_grid_width\":\"1-2\",\"image_svg_color\":\"emphasis\",\"link_margin\":\"small\",\"link_style\":\"text\",\"link_target\":true,\"link_text\":\"Ikusi kokapena\",\"margin\":\"default\",\"meta_align\":\"below-title\",\"meta_element\":\"div\",\"meta_style\":\"text-meta\",\"title\":\"Enlaces:\",\"title_align\":\"top\",\"title_element\":\"h3\",\"title_grid_breakpoint\":\"m\",\"title_grid_width\":\"1-2\",\"title_hover_style\":\"reset\",\"title_style\":\"h4\"}},{\"type\":\"social\",\"props\":{\"grid\":\"horizontal\",\"grid_gap\":\"small\",\"image_svg_inline\":true,\"link_style\":\"\",\"link_target\":true,\"margin\":\"default\"},\"children\":[{\"type\":\"social_item\",\"props\":{\"link\":\"https:\\\/\\\/www.facebook.com\\\/mercadobretxa\"}},{\"type\":\"social_item\",\"props\":{\"link\":\"https:\\\/\\\/twitter.com\\\/laBretxa\"}},{\"type\":\"social_item\",\"props\":{\"link\":\"https:\\\/\\\/instagram.com\\\/labretxadonostia?igshid=NTc4MTIwNjQ2YQ==\"}}]}]}]}],\"name\":\"arrasate\"}],\"version\":\"4.0.6\",\"yooessentialsVersion\":\"2.0.9\"} --><\/p>\n","protected":false},"excerpt":{"rendered":"<p>BRETXAKO MERKATUA Este emblem\u00e1tico edificio data de 1870 y fue proyectado por Antonio Cortazar, aunque durante todos estos a\u00f1os su aspecto ha ido variando hasta llegar a su imagen actual. La tradicional feria de la Bretxa se encuentra en el punto medio situado entre el Palacio de Congresos Kursaal y el Ayuntamiento, justo fuera del [&hellip;]<\/p>\n","protected":false},"author":1,"featured_media":0,"parent":0,"menu_order":0,"comment_status":"closed","ping_status":"closed","template":"","meta":[],"acf":[],"_links":{"self":[{"href":"https:\/\/azokensarea.eus\/es\/wp-json\/wp\/v2\/pages\/1081"}],"collection":[{"href":"https:\/\/azokensarea.eus\/es\/wp-json\/wp\/v2\/pages"}],"about":[{"href":"https:\/\/azokensarea.eus\/es\/wp-json\/wp\/v2\/types\/page"}],"author":[{"embeddable":true,"href":"https:\/\/azokensarea.eus\/es\/wp-json\/wp\/v2\/users\/1"}],"replies":[{"embeddable":true,"href":"https:\/\/azokensarea.eus\/es\/wp-json\/wp\/v2\/comments?post=1081"}],"version-history":[{"count":6,"href":"https:\/\/azokensarea.eus\/es\/wp-json\/wp\/v2\/pages\/1081\/revisions"}],"predecessor-version":[{"id":1695,"href":"https:\/\/azokensarea.eus\/es\/wp-json\/wp\/v2\/pages\/1081\/revisions\/1695"}],"wp:attachment":[{"href":"https:\/\/azokensarea.eus\/es\/wp-json\/wp\/v2\/media?parent=1081"}],"curies":[{"name":"wp","href":"https:\/\/api.w.org\/{rel}","templated":true}]}}

<h2>BRETXAKO MERKATUA</h2>
<div>
<p>Este emblemático edificio data de 1870 y fue proyectado por Antonio Cortazar, aunque durante todos estos años su aspecto ha ido variando hasta llegar a su imagen actual. La tradicional feria de la Bretxa se encuentra en el punto medio situado entre el Palacio de Congresos Kursaal y el Ayuntamiento, justo fuera del centro comercial del mismo nombre. Los puestos de quesos, flores, verduras y frutas lo convierten en uno de los lugares más carismáticos de San Sebastián, ya que es el único mercado tradicional que queda hoy en día.</p>
<p>Todo lo que se vende en la feria lo traen los baserritarras de la zona, por lo que muchos restaurantes de la zona acuden al mercado para conseguir las mejores materias primas para sus comidas. Manzanas, tomates, pimientos, calabacines&#8230; llegan directamente al mercado desde la huerta y flores y plantas pertenecen al mismo caserío. Además de los puestos tradicionales que podrás ver fuera del mercado, el edificio cuenta con un centro de ocio con tiendas y comercios de todo tipo, manteniendo el encanto especial de un edificio histórico.</p>
</div>
<div>
<h4>DÍA DE MERCADO Y HORARIO:</h4>
<div>
<p>De lunes a sábado: 08:00-14:30</p>
</div>
</div>
<div>
<h3>UBICACIÓN:</h3>
<div>Boulevard, 3</div>
<p><a href="https://goo.gl/maps/mTDx1DcNMuzHc21p7">Ver ubicación</a></p>
</div>
<div>
<h3>PROGRAMA AZOKATIK MAHAIRA:</h3>
<p><a href="https://www.youtube.com/watch?v=8X00iKiZHYE">Ver vídeo</a></p>
</div>
<div>
<h3>Enlaces:</h3>
</div>
<ul>
<li><a href="https://www.facebook.com/mercadobretxa">facebook</a>
</li>
<li><a href="https://twitter.com/laBretxa">twitter</a>
</li>
<li><a href="https://instagram.com/labretxadonostia?igshid=NTc4MTIwNjQ2YQ==">instagram</a>
</li>
</ul>
<p><!--more--><br />
<!-- {"type":"layout","children":[{"type":"section","props":{"animation":"fade","animation_delay":"200","id":"arrasate","image_position":"center-center","style":"secondary","title_breakpoint":"xl","title_position":"top-left","title_rotation":"left","vertical_align":"middle","width":"default"},"children":[{"type":"row","children":[{"type":"column","props":{"image_position":"center-center","position_sticky_breakpoint":"m"},"children":[{"type":"headline","props":{"content":"BRETXAKO MERKATUA","title_color":"primary","title_element":"h2","title_style":"h2"}}]}]},{"type":"row","props":{"layout":"3-5,2-5"},"children":[{"type":"column","props":{"image_position":"center-center","position_sticky_breakpoint":"m","width_medium":"3-5"},"children":[{"type":"text","props":{"column_breakpoint":"m","content":"

<p>Este emblem\u00e1tico edificio data de 1870 y fue proyectado por Antonio Cortazar, aunque durante todos estos a\u00f1os su aspecto ha ido variando hasta llegar a su imagen actual. La tradicional feria de la Bretxa se encuentra en el punto medio situado entre el Palacio de Congresos Kursaal y el Ayuntamiento, justo fuera del centro comercial del mismo nombre. Los puestos de quesos, flores, verduras y frutas lo convierten en uno de los lugares m\u00e1s carism\u00e1ticos de San Sebasti\u00e1n, ya que es el \u00fanico mercado tradicional que queda hoy en d\u00eda.<\/p>\n

<p>Todo lo que se vende en la feria lo traen los baserritarras de la zona, por lo que muchos restaurantes de la zona acuden al mercado para conseguir las mejores materias primas para sus comidas. Manzanas, tomates, pimientos, calabacines... llegan directamente al mercado desde la huerta y flores y plantas pertenecen al mismo caser\u00edo. Adem\u00e1s de los puestos tradicionales que podr\u00e1s ver fuera del mercado, el edificio cuenta con un centro de ocio con tiendas y comercios de todo tipo, manteniendo el encanto especial de un edificio hist\u00f3rico.<\/p>","margin":"default","text_style":"large"}}]},{"type":"column","props":{"image_position":"center-center","position_sticky_breakpoint":"m","width_medium":"2-5"},"children":[{"type":"panel","props":{"content":"

<p>De lunes a s\u00e1bado: 08:00-14:30<\/p>","content_column_breakpoint":"m","content_margin":"small","icon_width":80,"image_align":"top","image_grid_breakpoint":"m","image_grid_width":"1-2","image_svg_color":"emphasis","link_style":"default","link_text":"Read more","margin":"default","meta_align":"below-title","meta_element":"div","meta_style":"text-meta","title":"D\u00cdA DE MERCADO Y HORARIO:","title_align":"top","title_element":"h4","title_grid_breakpoint":"m","title_grid_width":"1-2","title_hover_style":"reset"}},{"type":"panel","props":{"content":"Boulevard, 3","content_column_breakpoint":"m","content_margin":"small","icon_width":80,"image_align":"top","image_grid_breakpoint":"m","image_grid_width":"1-2","image_svg_color":"emphasis","link":"https:\/\/goo.gl\/maps\/mTDx1DcNMuzHc21p7","link_margin":"small","link_style":"text","link_target":true,"link_text":"Ver ubicaci\u00f3n","margin":"default","meta_align":"below-title","meta_element":"div","meta_style":"text-meta","title":"UBICACI\u00d3N:","title_align":"top","title_element":"h3","title_grid_breakpoint":"m","title_grid_width":"1-2","title_hover_style":"reset","title_style":"h4"}},{"type":"panel","props":{"content":"","content_column_breakpoint":"m","content_margin":"small","icon_width":80,"image_align":"top","image_grid_breakpoint":"m","image_grid_width":"1-2","image_svg_color":"emphasis","link":"https:\/\/www.youtube.com\/watch?v=8X00iKiZHYE","link_margin":"small","link_style":"text","link_target":true,"link_text":"Ver v\u00eddeo","margin":"default","meta_align":"below-title","meta_element":"div","meta_style":"text-meta","title":"PROGRAMA AZOKATIK MAHAIRA:","title_align":"top","title_element":"h3","title_grid_breakpoint":"m","title_grid_width":"1-2","title_hover_style":"reset","title_style":"h4"},"name":"azokatikmahaira"},{"type":"panel","props":{"content":"","content_column_breakpoint":"m","content_margin":"small","icon_width":80,"image_align":"top","image_grid_breakpoint":"m","image_grid_width":"1-2","image_svg_color":"emphasis","link_margin":"small","link_style":"text","link_target":true,"link_text":"Ikusi kokapena","margin":"default","meta_align":"below-title","meta_element":"div","meta_style":"text-meta","title":"Enlaces:","title_align":"top","title_element":"h3","title_grid_breakpoint":"m","title_grid_width":"1-2","title_hover_style":"reset","title_style":"h4"}},{"type":"social","props":{"grid":"horizontal","grid_gap":"small","image_svg_inline":true,"link_style":"","link_target":true,"margin":"default"},"children":[{"type":"social_item","props":{"link":"https:\/\/www.facebook.com\/mercadobretxa"}},{"type":"social_item","props":{"link":"https:\/\/twitter.com\/laBretxa"}},{"type":"social_item","props":{"link":"https:\/\/instagram.com\/labretxadonostia?igshid=NTc4MTIwNjQ2YQ=="}}]}]}]}],"name":"arrasate"}],"version":"4.0.6","yooessentialsVersion":"2.0.9"} --></p>

<p>BRETXAKO MERKATUA Este emblemático edificio data de 1870 y fue proyectado por Antonio Cortazar, aunque durante todos estos años su aspecto ha ido variando hasta llegar a su imagen actual. La tradicional feria de la Bretxa se encuentra en el punto medio situado entre el Palacio de Congresos Kursaal y el Ayuntamiento, justo fuera del [&hellip;]</p>
