{"id":1087,"date":"2022-09-29T12:08:44","date_gmt":"2022-09-29T12:08:44","guid":{"rendered":"http:\/\/azokensarea.eus\/eibar\/"},"modified":"2024-03-15T10:27:50","modified_gmt":"2024-03-15T10:27:50","slug":"eibar","status":"publish","type":"page","link":"https:\/\/azokensarea.eus\/es\/eibar\/","title":{"rendered":"Eibar"},"content":{"rendered":"<h2><b><\/b><strong>EIBARKO<\/strong> ERREBAL PLAZIA<\/h2>\n<div>El mercado eibarr\u00e9s est\u00e1 ubicado en un moderno edificio polivalente de reciente construcci\u00f3n en el centro de la ciudad, denominado Errebal Plazia. Los baserritarras de Eibar y alrededores son el alma de la feria y de lunes a s\u00e1bado, todas las ma\u00f1anas, ofrecen productos de proximidad (verduras, frutas y plantas de temporada) producidos de forma natural. Con el fin de apoyar e impulsar el sector primario y reforzar la relaci\u00f3n entre consumidores y productores, desde el Ayuntamiento se organizan iniciativas complementarias en colaboraci\u00f3n con otros agentes de la ciudad y de la comarca.<\/div>\n<div>\n<h4>D\u00cdA DE MERCADO Y HORARIO:<\/h4>\n<div>\n<p>De lunes a s\u00e1bado 8:00-13:00<\/p>\n<\/div>\n<\/div>\n<div>\n<h3>UBICACI\u00d3N:<\/h3>\n<div>Est\u00e1 situada en el centro de la localidad, calle Errebal 11.<\/div>\n<p><a href=\"https:\/\/www.google.com\/maps\/place\/Errebal+Plazia\/@43.1859969,-2.4704744,17z\/data=!4m12!1m6!3m5!1s0xd4e2b6d6d81fc49:0x5c8052b97512fad1!2sErrebal+Plazia!8m2!3d43.1859969!4d-2.4682857!3m4!1s0xd4e2b6d6d81fc49:0x5c8052b97512fad1!8m2!3d43.1859969!4d-2.4682857\">Ver ubicaci\u00f3n<\/a><\/p>\n<\/div>\n<div>\n<h3>PROGRAMA AZOKATIK MAHAIRA:<\/h3>\n<p><a href=\"https:\/\/www.youtube.com\/watch?v=sekDtcrmMEs\">Ver v\u00eddeo<\/a><\/p>\n<\/div>\n<div>\n<h3>ENLACES:<\/h3>\n<\/div>\n<ul>\n<li><a href=\"https:\/\/www.facebook.com\/EibarkoUdala\">facebook<\/a>\n<\/li>\n<li><a href=\"https:\/\/twitter.com\/EibarkoUdala\">twitter<\/a>\n<\/li>\n<li><a href=\"https:\/\/www.youtube.com\/channel\/UCTNEPKwdQgEuhO0S4nUGaPw\">youtube<\/a>\n<\/li>\n<li><a href=\"https:\/\/www.instagram.com\/eibarkoudala\/\">instagram<\/a>\n<\/li>\n<\/ul>\n<div>\n<p>    <img src=\"\/wp-content\/uploads\/2022\/06\/eibar1.jpg\" alt=\"\"><\/p>\n<\/div>\n<div>\n<p>    <img src=\"\/wp-content\/uploads\/2022\/06\/eibar2.jpg\" alt=\"\"><\/p>\n<\/div>\n<div>\n<p>    <img src=\"\/wp-content\/uploads\/2022\/06\/eibar3.jpg\" alt=\"\"><\/p>\n<\/div>\n<p><!--more--><br \/>\n<!-- {\"type\":\"layout\",\"children\":[{\"type\":\"section\",\"props\":{\"animation\":\"fade\",\"animation_delay\":\"200\",\"id\":\"eibar\",\"image_position\":\"center-center\",\"style\":\"secondary\",\"title_breakpoint\":\"xl\",\"title_position\":\"top-left\",\"title_rotation\":\"left\",\"vertical_align\":\"middle\",\"width\":\"default\"},\"children\":[{\"type\":\"row\",\"children\":[{\"type\":\"column\",\"props\":{\"image_position\":\"center-center\",\"position_sticky_breakpoint\":\"m\"},\"children\":[{\"type\":\"headline\",\"props\":{\"content\":\"<b><\\\/b><strong>EIBARKO<\\\/strong> ERREBAL PLAZIA\",\"title_color\":\"primary\",\"title_element\":\"h2\",\"title_style\":\"h2\"}}]}]},{\"type\":\"row\",\"props\":{\"layout\":\"3-5,2-5\"},\"children\":[{\"type\":\"column\",\"props\":{\"image_position\":\"center-center\",\"position_sticky_breakpoint\":\"m\",\"width_medium\":\"3-5\"},\"children\":[{\"type\":\"text\",\"props\":{\"column_breakpoint\":\"m\",\"content\":\"El mercado eibarr\\u00e9s est\\u00e1 ubicado en un moderno edificio polivalente de reciente construcci\\u00f3n en el centro de la ciudad, denominado Errebal Plazia. Los baserritarras de Eibar y alrededores son el alma de la feria y de lunes a s\\u00e1bado, todas las ma\\u00f1anas, ofrecen productos de proximidad (verduras, frutas y plantas de temporada) producidos de forma natural. Con el fin de apoyar e impulsar el sector primario y reforzar la relaci\\u00f3n entre consumidores y productores, desde el Ayuntamiento se organizan iniciativas complementarias en colaboraci\\u00f3n con otros agentes de la ciudad y de la comarca.\",\"margin\":\"default\",\"text_style\":\"large\"}}]},{\"type\":\"column\",\"props\":{\"image_position\":\"center-center\",\"position_sticky_breakpoint\":\"m\",\"width_medium\":\"2-5\"},\"children\":[{\"type\":\"panel\",\"props\":{\"content\":\"\n\n<p>De lunes a s\\u00e1bado 8:00-13:00<\\\/p>\",\"content_column_breakpoint\":\"m\",\"content_margin\":\"small\",\"icon_width\":80,\"image_align\":\"top\",\"image_grid_breakpoint\":\"m\",\"image_grid_width\":\"1-2\",\"image_svg_color\":\"emphasis\",\"link_style\":\"default\",\"link_text\":\"Read more\",\"margin\":\"default\",\"meta_align\":\"below-title\",\"meta_element\":\"div\",\"meta_style\":\"text-meta\",\"title\":\"D\\u00cdA DE MERCADO Y HORARIO:\",\"title_align\":\"top\",\"title_element\":\"h4\",\"title_grid_breakpoint\":\"m\",\"title_grid_width\":\"1-2\",\"title_hover_style\":\"reset\"}},{\"type\":\"panel\",\"props\":{\"content\":\"Est\\u00e1 situada en el centro de la localidad, calle Errebal 11.\",\"content_column_breakpoint\":\"m\",\"content_margin\":\"small\",\"icon_width\":80,\"image_align\":\"top\",\"image_grid_breakpoint\":\"m\",\"image_grid_width\":\"1-2\",\"image_svg_color\":\"emphasis\",\"link\":\"https:\\\/\\\/www.google.com\\\/maps\\\/place\\\/Errebal+Plazia\\\/@43.1859969,-2.4704744,17z\\\/data=!4m12!1m6!3m5!1s0xd4e2b6d6d81fc49:0x5c8052b97512fad1!2sErrebal+Plazia!8m2!3d43.1859969!4d-2.4682857!3m4!1s0xd4e2b6d6d81fc49:0x5c8052b97512fad1!8m2!3d43.1859969!4d-2.4682857\",\"link_margin\":\"small\",\"link_style\":\"text\",\"link_target\":true,\"link_text\":\"Ver ubicaci\\u00f3n\",\"margin\":\"default\",\"meta_align\":\"below-title\",\"meta_element\":\"div\",\"meta_style\":\"text-meta\",\"title\":\"UBICACI\\u00d3N:\",\"title_align\":\"top\",\"title_element\":\"h3\",\"title_grid_breakpoint\":\"m\",\"title_grid_width\":\"1-2\",\"title_hover_style\":\"reset\",\"title_style\":\"h4\"}},{\"type\":\"panel\",\"props\":{\"content\":\"\",\"content_column_breakpoint\":\"m\",\"content_margin\":\"small\",\"icon_width\":80,\"image_align\":\"top\",\"image_grid_breakpoint\":\"m\",\"image_grid_width\":\"1-2\",\"image_svg_color\":\"emphasis\",\"link\":\"https:\\\/\\\/www.youtube.com\\\/watch?v=sekDtcrmMEs\",\"link_margin\":\"small\",\"link_style\":\"text\",\"link_target\":true,\"link_text\":\"Ver v\\u00eddeo\",\"margin\":\"default\",\"meta_align\":\"below-title\",\"meta_element\":\"div\",\"meta_style\":\"text-meta\",\"title\":\"PROGRAMA AZOKATIK MAHAIRA:\",\"title_align\":\"top\",\"title_element\":\"h3\",\"title_grid_breakpoint\":\"m\",\"title_grid_width\":\"1-2\",\"title_hover_style\":\"reset\",\"title_style\":\"h4\"},\"name\":\"azokatikmahaira\"},{\"type\":\"panel\",\"props\":{\"content\":\"\",\"content_column_breakpoint\":\"m\",\"content_margin\":\"small\",\"icon_width\":80,\"image_align\":\"top\",\"image_grid_breakpoint\":\"m\",\"image_grid_width\":\"1-2\",\"image_svg_color\":\"emphasis\",\"link_margin\":\"small\",\"link_style\":\"text\",\"link_target\":true,\"link_text\":\"Ikusi kokapena\",\"margin\":\"default\",\"meta_align\":\"below-title\",\"meta_element\":\"div\",\"meta_style\":\"text-meta\",\"title\":\"ENLACES:\",\"title_align\":\"top\",\"title_element\":\"h3\",\"title_grid_breakpoint\":\"m\",\"title_grid_width\":\"1-2\",\"title_hover_style\":\"reset\",\"title_style\":\"h4\"}},{\"type\":\"social\",\"props\":{\"grid\":\"horizontal\",\"grid_gap\":\"small\",\"image_svg_inline\":true,\"link_style\":\"\",\"link_target\":true,\"margin\":\"default\"},\"children\":[{\"type\":\"social_item\",\"props\":{\"link\":\"https:\\\/\\\/www.facebook.com\\\/EibarkoUdala\"}},{\"type\":\"social_item\",\"props\":{\"link\":\"https:\\\/\\\/twitter.com\\\/EibarkoUdala\"}},{\"type\":\"social_item\",\"props\":{\"link\":\"https:\\\/\\\/www.youtube.com\\\/channel\\\/UCTNEPKwdQgEuhO0S4nUGaPw\"}},{\"type\":\"social_item\",\"props\":{\"link\":\"https:\\\/\\\/www.instagram.com\\\/eibarkoudala\\\/\"}}]}]}]}],\"name\":\"eibar\"},{\"type\":\"section\",\"props\":{\"animation\":\"fade\",\"animation_delay\":\"200\",\"image_position\":\"center-center\",\"padding\":\"none\",\"style\":\"default\",\"title_breakpoint\":\"xl\",\"title_position\":\"top-left\",\"title_rotation\":\"left\",\"vertical_align\":\"middle\",\"width\":\"\"},\"children\":[{\"type\":\"row\",\"props\":{\"column_gap\":\"collapse\",\"row_gap\":\"collapse\"},\"children\":[{\"type\":\"column\",\"props\":{\"image_position\":\"center-center\",\"position_sticky_breakpoint\":\"m\"},\"children\":[{\"type\":\"slideshow\",\"props\":{\"link_style\":\"default\",\"link_text\":\"Read more\",\"margin\":\"default\",\"meta_align\":\"below-title\",\"meta_element\":\"div\",\"meta_style\":\"text-meta\",\"nav\":\"dotnav\",\"nav_align\":\"center\",\"nav_breakpoint\":\"s\",\"nav_position\":\"bottom-center\",\"nav_position_margin\":\"medium\",\"overlay_animation\":\"parallax\",\"overlay_position\":\"center-left\",\"show_content\":true,\"show_link\":true,\"show_meta\":true,\"show_thumbnail\":true,\"show_title\":true,\"slidenav\":\"default\",\"slidenav_breakpoint\":\"s\",\"slidenav_margin\":\"medium\",\"slidenav_outside_breakpoint\":\"xl\",\"slideshow_autoplay_pause\":true,\"slideshow_min_height\":300,\"thumbnav_height\":\"75\",\"thumbnav_svg_color\":\"emphasis\",\"thumbnav_width\":\"100\",\"title_element\":\"h3\"},\"children\":[{\"type\":\"slideshow_item\",\"props\":{\"image\":\"wp-content\\\/uploads\\\/2022\\\/06\\\/eibar1.jpg\"}}]}]}]},{\"type\":\"row\",\"props\":{\"column_gap\":\"collapse\",\"layout\":\"1-2,1-2\",\"row_gap\":\"collapse\"},\"children\":[{\"type\":\"column\",\"props\":{\"image_position\":\"center-center\",\"position_sticky_breakpoint\":\"m\",\"width_medium\":\"1-2\"},\"children\":[{\"type\":\"slideshow\",\"props\":{\"link_style\":\"default\",\"link_text\":\"Read more\",\"margin\":\"default\",\"meta_align\":\"below-title\",\"meta_element\":\"div\",\"meta_style\":\"text-meta\",\"nav\":\"dotnav\",\"nav_align\":\"center\",\"nav_breakpoint\":\"s\",\"nav_position\":\"bottom-center\",\"nav_position_margin\":\"medium\",\"overlay_animation\":\"parallax\",\"overlay_position\":\"center-left\",\"show_content\":true,\"show_link\":true,\"show_meta\":true,\"show_thumbnail\":true,\"show_title\":true,\"slidenav\":\"default\",\"slidenav_breakpoint\":\"s\",\"slidenav_margin\":\"medium\",\"slidenav_outside_breakpoint\":\"xl\",\"slideshow_autoplay_pause\":true,\"slideshow_min_height\":300,\"thumbnav_height\":\"75\",\"thumbnav_svg_color\":\"emphasis\",\"thumbnav_width\":\"100\",\"title_element\":\"h3\"},\"children\":[{\"type\":\"slideshow_item\",\"props\":{\"image\":\"wp-content\\\/uploads\\\/2022\\\/06\\\/eibar2.jpg\"}}]}]},{\"type\":\"column\",\"props\":{\"image_position\":\"center-center\",\"position_sticky_breakpoint\":\"m\",\"width_medium\":\"1-2\"},\"children\":[{\"type\":\"slideshow\",\"props\":{\"link_style\":\"default\",\"link_text\":\"Read more\",\"margin\":\"default\",\"meta_align\":\"below-title\",\"meta_element\":\"div\",\"meta_style\":\"text-meta\",\"nav\":\"dotnav\",\"nav_align\":\"center\",\"nav_breakpoint\":\"s\",\"nav_position\":\"bottom-center\",\"nav_position_margin\":\"medium\",\"overlay_animation\":\"parallax\",\"overlay_position\":\"center-left\",\"show_content\":true,\"show_link\":true,\"show_meta\":true,\"show_thumbnail\":true,\"show_title\":true,\"slidenav\":\"default\",\"slidenav_breakpoint\":\"s\",\"slidenav_margin\":\"medium\",\"slidenav_outside_breakpoint\":\"xl\",\"slideshow_autoplay_pause\":true,\"slideshow_min_height\":300,\"thumbnav_height\":\"75\",\"thumbnav_svg_color\":\"emphasis\",\"thumbnav_width\":\"100\",\"title_element\":\"h3\"},\"children\":[{\"type\":\"slideshow_item\",\"props\":{\"image\":\"wp-content\\\/uploads\\\/2022\\\/06\\\/eibar3.jpg\"}}]}]}]}],\"name\":\"eibar2\"}],\"version\":\"4.0.6\",\"yooessentialsVersion\":\"2.0.9\"} --><\/p>\n","protected":false},"excerpt":{"rendered":"<p>EIBARKO ERREBAL PLAZIA El mercado eibarr\u00e9s est\u00e1 ubicado en un moderno edificio polivalente de reciente construcci\u00f3n en el centro de la ciudad, denominado Errebal Plazia. Los baserritarras de Eibar y alrededores son el alma de la feria y de lunes a s\u00e1bado, todas las ma\u00f1anas, ofrecen productos de proximidad (verduras, frutas y plantas de temporada) [&hellip;]<\/p>\n","protected":false},"author":1,"featured_media":0,"parent":0,"menu_order":0,"comment_status":"closed","ping_status":"closed","template":"","meta":[],"acf":[],"_links":{"self":[{"href":"https:\/\/azokensarea.eus\/es\/wp-json\/wp\/v2\/pages\/1087"}],"collection":[{"href":"https:\/\/azokensarea.eus\/es\/wp-json\/wp\/v2\/pages"}],"about":[{"href":"https:\/\/azokensarea.eus\/es\/wp-json\/wp\/v2\/types\/page"}],"author":[{"embeddable":true,"href":"https:\/\/azokensarea.eus\/es\/wp-json\/wp\/v2\/users\/1"}],"replies":[{"embeddable":true,"href":"https:\/\/azokensarea.eus\/es\/wp-json\/wp\/v2\/comments?post=1087"}],"version-history":[{"count":6,"href":"https:\/\/azokensarea.eus\/es\/wp-json\/wp\/v2\/pages\/1087\/revisions"}],"predecessor-version":[{"id":1696,"href":"https:\/\/azokensarea.eus\/es\/wp-json\/wp\/v2\/pages\/1087\/revisions\/1696"}],"wp:attachment":[{"href":"https:\/\/azokensarea.eus\/es\/wp-json\/wp\/v2\/media?parent=1087"}],"curies":[{"name":"wp","href":"https:\/\/api.w.org\/{rel}","templated":true}]}}

<h2><b></b><strong>EIBARKO</strong> ERREBAL PLAZIA</h2>
<div>El mercado eibarrés está ubicado en un moderno edificio polivalente de reciente construcción en el centro de la ciudad, denominado Errebal Plazia. Los baserritarras de Eibar y alrededores son el alma de la feria y de lunes a sábado, todas las mañanas, ofrecen productos de proximidad (verduras, frutas y plantas de temporada) producidos de forma natural. Con el fin de apoyar e impulsar el sector primario y reforzar la relación entre consumidores y productores, desde el Ayuntamiento se organizan iniciativas complementarias en colaboración con otros agentes de la ciudad y de la comarca.</div>
<div>
<h4>DÍA DE MERCADO Y HORARIO:</h4>
<div>
<p>De lunes a sábado 8:00-13:00</p>
</div>
</div>
<div>
<h3>UBICACIÓN:</h3>
<div>Está situada en el centro de la localidad, calle Errebal 11.</div>
<p><a href="https://www.google.com/maps/place/Errebal+Plazia/@43.1859969,-2.4704744,17z/data=!4m12!1m6!3m5!1s0xd4e2b6d6d81fc49:0x5c8052b97512fad1!2sErrebal+Plazia!8m2!3d43.1859969!4d-2.4682857!3m4!1s0xd4e2b6d6d81fc49:0x5c8052b97512fad1!8m2!3d43.1859969!4d-2.4682857">Ver ubicación</a></p>
</div>
<div>
<h3>PROGRAMA AZOKATIK MAHAIRA:</h3>
<p><a href="https://www.youtube.com/watch?v=sekDtcrmMEs">Ver vídeo</a></p>
</div>
<div>
<h3>ENLACES:</h3>
</div>
<ul>
<li><a href="https://www.facebook.com/EibarkoUdala">facebook</a>
</li>
<li><a href="https://twitter.com/EibarkoUdala">twitter</a>
</li>
<li><a href="https://www.youtube.com/channel/UCTNEPKwdQgEuhO0S4nUGaPw">youtube</a>
</li>
<li><a href="https://www.instagram.com/eibarkoudala/">instagram</a>
</li>
</ul>
<div>
<p>    <img src="/wp-content/uploads/2022/06/eibar1.jpg" alt=""></p>
</div>
<div>
<p>    <img src="/wp-content/uploads/2022/06/eibar2.jpg" alt=""></p>
</div>
<div>
<p>    <img src="/wp-content/uploads/2022/06/eibar3.jpg" alt=""></p>
</div>
<p><!--more--><br />
<!-- {"type":"layout","children":[{"type":"section","props":{"animation":"fade","animation_delay":"200","id":"eibar","image_position":"center-center","style":"secondary","title_breakpoint":"xl","title_position":"top-left","title_rotation":"left","vertical_align":"middle","width":"default"},"children":[{"type":"row","children":[{"type":"column","props":{"image_position":"center-center","position_sticky_breakpoint":"m"},"children":[{"type":"headline","props":{"content":"<b><\/b><strong>EIBARKO<\/strong> ERREBAL PLAZIA","title_color":"primary","title_element":"h2","title_style":"h2"}}]}]},{"type":"row","props":{"layout":"3-5,2-5"},"children":[{"type":"column","props":{"image_position":"center-center","position_sticky_breakpoint":"m","width_medium":"3-5"},"children":[{"type":"text","props":{"column_breakpoint":"m","content":"El mercado eibarr\u00e9s est\u00e1 ubicado en un moderno edificio polivalente de reciente construcci\u00f3n en el centro de la ciudad, denominado Errebal Plazia. Los baserritarras de Eibar y alrededores son el alma de la feria y de lunes a s\u00e1bado, todas las ma\u00f1anas, ofrecen productos de proximidad (verduras, frutas y plantas de temporada) producidos de forma natural. Con el fin de apoyar e impulsar el sector primario y reforzar la relaci\u00f3n entre consumidores y productores, desde el Ayuntamiento se organizan iniciativas complementarias en colaboraci\u00f3n con otros agentes de la ciudad y de la comarca.","margin":"default","text_style":"large"}}]},{"type":"column","props":{"image_position":"center-center","position_sticky_breakpoint":"m","width_medium":"2-5"},"children":[{"type":"panel","props":{"content":"

<p>De lunes a s\u00e1bado 8:00-13:00<\/p>","content_column_breakpoint":"m","content_margin":"small","icon_width":80,"image_align":"top","image_grid_breakpoint":"m","image_grid_width":"1-2","image_svg_color":"emphasis","link_style":"default","link_text":"Read more","margin":"default","meta_align":"below-title","meta_element":"div","meta_style":"text-meta","title":"D\u00cdA DE MERCADO Y HORARIO:","title_align":"top","title_element":"h4","title_grid_breakpoint":"m","title_grid_width":"1-2","title_hover_style":"reset"}},{"type":"panel","props":{"content":"Est\u00e1 situada en el centro de la localidad, calle Errebal 11.","content_column_breakpoint":"m","content_margin":"small","icon_width":80,"image_align":"top","image_grid_breakpoint":"m","image_grid_width":"1-2","image_svg_color":"emphasis","link":"https:\/\/www.google.com\/maps\/place\/Errebal+Plazia\/@43.1859969,-2.4704744,17z\/data=!4m12!1m6!3m5!1s0xd4e2b6d6d81fc49:0x5c8052b97512fad1!2sErrebal+Plazia!8m2!3d43.1859969!4d-2.4682857!3m4!1s0xd4e2b6d6d81fc49:0x5c8052b97512fad1!8m2!3d43.1859969!4d-2.4682857","link_margin":"small","link_style":"text","link_target":true,"link_text":"Ver ubicaci\u00f3n","margin":"default","meta_align":"below-title","meta_element":"div","meta_style":"text-meta","title":"UBICACI\u00d3N:","title_align":"top","title_element":"h3","title_grid_breakpoint":"m","title_grid_width":"1-2","title_hover_style":"reset","title_style":"h4"}},{"type":"panel","props":{"content":"","content_column_breakpoint":"m","content_margin":"small","icon_width":80,"image_align":"top","image_grid_breakpoint":"m","image_grid_width":"1-2","image_svg_color":"emphasis","link":"https:\/\/www.youtube.com\/watch?v=sekDtcrmMEs","link_margin":"small","link_style":"text","link_target":true,"link_text":"Ver v\u00eddeo","margin":"default","meta_align":"below-title","meta_element":"div","meta_style":"text-meta","title":"PROGRAMA AZOKATIK MAHAIRA:","title_align":"top","title_element":"h3","title_grid_breakpoint":"m","title_grid_width":"1-2","title_hover_style":"reset","title_style":"h4"},"name":"azokatikmahaira"},{"type":"panel","props":{"content":"","content_column_breakpoint":"m","content_margin":"small","icon_width":80,"image_align":"top","image_grid_breakpoint":"m","image_grid_width":"1-2","image_svg_color":"emphasis","link_margin":"small","link_style":"text","link_target":true,"link_text":"Ikusi kokapena","margin":"default","meta_align":"below-title","meta_element":"div","meta_style":"text-meta","title":"ENLACES:","title_align":"top","title_element":"h3","title_grid_breakpoint":"m","title_grid_width":"1-2","title_hover_style":"reset","title_style":"h4"}},{"type":"social","props":{"grid":"horizontal","grid_gap":"small","image_svg_inline":true,"link_style":"","link_target":true,"margin":"default"},"children":[{"type":"social_item","props":{"link":"https:\/\/www.facebook.com\/EibarkoUdala"}},{"type":"social_item","props":{"link":"https:\/\/twitter.com\/EibarkoUdala"}},{"type":"social_item","props":{"link":"https:\/\/www.youtube.com\/channel\/UCTNEPKwdQgEuhO0S4nUGaPw"}},{"type":"social_item","props":{"link":"https:\/\/www.instagram.com\/eibarkoudala\/"}}]}]}]}],"name":"eibar"},{"type":"section","props":{"animation":"fade","animation_delay":"200","image_position":"center-center","padding":"none","style":"default","title_breakpoint":"xl","title_position":"top-left","title_rotation":"left","vertical_align":"middle","width":""},"children":[{"type":"row","props":{"column_gap":"collapse","row_gap":"collapse"},"children":[{"type":"column","props":{"image_position":"center-center","position_sticky_breakpoint":"m"},"children":[{"type":"slideshow","props":{"link_style":"default","link_text":"Read more","margin":"default","meta_align":"below-title","meta_element":"div","meta_style":"text-meta","nav":"dotnav","nav_align":"center","nav_breakpoint":"s","nav_position":"bottom-center","nav_position_margin":"medium","overlay_animation":"parallax","overlay_position":"center-left","show_content":true,"show_link":true,"show_meta":true,"show_thumbnail":true,"show_title":true,"slidenav":"default","slidenav_breakpoint":"s","slidenav_margin":"medium","slidenav_outside_breakpoint":"xl","slideshow_autoplay_pause":true,"slideshow_min_height":300,"thumbnav_height":"75","thumbnav_svg_color":"emphasis","thumbnav_width":"100","title_element":"h3"},"children":[{"type":"slideshow_item","props":{"image":"wp-content\/uploads\/2022\/06\/eibar1.jpg"}}]}]}]},{"type":"row","props":{"column_gap":"collapse","layout":"1-2,1-2","row_gap":"collapse"},"children":[{"type":"column","props":{"image_position":"center-center","position_sticky_breakpoint":"m","width_medium":"1-2"},"children":[{"type":"slideshow","props":{"link_style":"default","link_text":"Read more","margin":"default","meta_align":"below-title","meta_element":"div","meta_style":"text-meta","nav":"dotnav","nav_align":"center","nav_breakpoint":"s","nav_position":"bottom-center","nav_position_margin":"medium","overlay_animation":"parallax","overlay_position":"center-left","show_content":true,"show_link":true,"show_meta":true,"show_thumbnail":true,"show_title":true,"slidenav":"default","slidenav_breakpoint":"s","slidenav_margin":"medium","slidenav_outside_breakpoint":"xl","slideshow_autoplay_pause":true,"slideshow_min_height":300,"thumbnav_height":"75","thumbnav_svg_color":"emphasis","thumbnav_width":"100","title_element":"h3"},"children":[{"type":"slideshow_item","props":{"image":"wp-content\/uploads\/2022\/06\/eibar2.jpg"}}]}]},{"type":"column","props":{"image_position":"center-center","position_sticky_breakpoint":"m","width_medium":"1-2"},"children":[{"type":"slideshow","props":{"link_style":"default","link_text":"Read more","margin":"default","meta_align":"below-title","meta_element":"div","meta_style":"text-meta","nav":"dotnav","nav_align":"center","nav_breakpoint":"s","nav_position":"bottom-center","nav_position_margin":"medium","overlay_animation":"parallax","overlay_position":"center-left","show_content":true,"show_link":true,"show_meta":true,"show_thumbnail":true,"show_title":true,"slidenav":"default","slidenav_breakpoint":"s","slidenav_margin":"medium","slidenav_outside_breakpoint":"xl","slideshow_autoplay_pause":true,"slideshow_min_height":300,"thumbnav_height":"75","thumbnav_svg_color":"emphasis","thumbnav_width":"100","title_element":"h3"},"children":[{"type":"slideshow_item","props":{"image":"wp-content\/uploads\/2022\/06\/eibar3.jpg"}}]}]}]}],"name":"eibar2"}],"version":"4.0.6","yooessentialsVersion":"2.0.9"} --></p>

<p>EIBARKO ERREBAL PLAZIA El mercado eibarrés está ubicado en un moderno edificio polivalente de reciente construcción en el centro de la ciudad, denominado Errebal Plazia. Los baserritarras de Eibar y alrededores son el alma de la feria y de lunes a sábado, todas las mañanas, ofrecen productos de proximidad (verduras, frutas y plantas de temporada) [&hellip;]</p>
