{"id":1107,"date":"2022-09-29T12:10:01","date_gmt":"2022-09-29T12:10:01","guid":{"rendered":"http:\/\/azokensarea.eus\/legazpi-2\/"},"modified":"2024-03-15T10:29:08","modified_gmt":"2024-03-15T10:29:08","slug":"legazpi-2","status":"publish","type":"page","link":"https:\/\/azokensarea.eus\/es\/legazpi-2\/","title":{"rendered":"Legazpi"},"content":{"rendered":"<h2>\n<p class=\"p1\"><b>LEGAZPIKO <\/b>AZOKA<\/p>\n<p><b><\/b><\/h2>\n<div>\n<p>En las \u00faltimas d\u00e9cadas la feria de Legazpi se celebra los viernes por la ma\u00f1ana en el centro de la localidad. Se venden productos de los caser\u00edos de la zona, especialmente queso, pan, magdalenas, pastas, verduras, flores y plantas hort\u00edcolas en \u00e9poca alta. En 2016 se renov\u00f3 el edificio del mercado con cierre.<\/p>\n<p>En el a\u00f1o 2022 se ha puesto en marcha el servicio de taquillas para recoger productos fuera de horario. El servicio lo utilizan varios baserritarras y comerciantes del pueblo, junto con los ciudadanos.<\/p>\n<\/div>\n<div>\n<h4>D\u00cdA DE MERCADO Y HORARIO:<\/h4>\n<div>\n<p>Viernes a la ma\u00f1ana: 9:00-13:00<br \/>Los lunes a la tarde el reparto de los grupos de consumo se hace en el mismo sitio.<\/p>\n<\/div>\n<\/div>\n<div>\n<h3>UBICACI\u00d3N:<\/h3>\n<div>En la c\u00e9ntrica plaza Euskal Herria de Legazpia<\/div>\n<p><a href=\"https:\/\/www.google.com.br\/maps\/place\/Azoka-Mercado\/\">Ver ubicaci\u00f3n<\/a><\/p>\n<\/div>\n<div>\n<h3>PROGRAMA AZOKATIK MAHAIRA:<\/h3>\n<p><a href=\"https:\/\/www.youtube.com\/watch?v=H4Pf8CysmJE\">Ver v\u00eddeo<\/a><\/p>\n<\/div>\n<div>\n<p>    <img src=\"\/wp-content\/uploads\/2022\/06\/legazpi.jpg\" alt=\"\"><\/p>\n<\/div>\n<div>\n<p>    <img src=\"\/wp-content\/uploads\/2022\/06\/legazpi2.jpg\" alt=\"\"><\/p>\n<\/div>\n<div>\n<p>    <img src=\"\/wp-content\/uploads\/2022\/06\/legazpi3.jpg\" alt=\"\"><\/p>\n<\/div>\n<p><!--more--><br \/>\n<!-- {\"type\":\"layout\",\"children\":[{\"type\":\"section\",\"props\":{\"animation\":\"fade\",\"animation_delay\":\"200\",\"id\":\"legazpi\",\"image_position\":\"center-center\",\"style\":\"primary\",\"title_breakpoint\":\"xl\",\"title_position\":\"top-left\",\"title_rotation\":\"left\",\"vertical_align\":\"middle\",\"width\":\"default\"},\"children\":[{\"type\":\"row\",\"children\":[{\"type\":\"column\",\"props\":{\"image_position\":\"center-center\",\"position_sticky_breakpoint\":\"m\"},\"children\":[{\"type\":\"headline\",\"props\":{\"content\":\"\n\n<p class=\\\"p1\\\"><b>LEGAZPIKO <\\\/b>AZOKA<\\\/p>\\n<b><\\\/b>\",\"title_color\":\"primary\",\"title_element\":\"h2\",\"title_style\":\"h2\"}}]}]},{\"type\":\"row\",\"props\":{\"layout\":\"3-5,2-5\"},\"children\":[{\"type\":\"column\",\"props\":{\"image_position\":\"center-center\",\"position_sticky_breakpoint\":\"m\",\"width_medium\":\"3-5\"},\"children\":[{\"type\":\"text\",\"props\":{\"column_breakpoint\":\"m\",\"content\":\"\n\n<p>En las \\u00faltimas d\\u00e9cadas la feria de Legazpi se celebra los viernes por la ma\\u00f1ana en el centro de la localidad. Se venden productos de los caser\\u00edos de la zona, especialmente queso, pan, magdalenas, pastas, verduras, flores y plantas hort\\u00edcolas en \\u00e9poca alta. En 2016 se renov\\u00f3 el edificio del mercado con cierre.<\\\/p>\\n\n\n<p>En el a\\u00f1o 2022 se ha puesto en marcha el servicio de taquillas para recoger productos fuera de horario. El servicio lo utilizan varios baserritarras y comerciantes del pueblo, junto con los ciudadanos.<\\\/p>\",\"margin\":\"default\",\"text_style\":\"large\"}}]},{\"type\":\"column\",\"props\":{\"image_position\":\"center-center\",\"position_sticky_breakpoint\":\"m\",\"width_medium\":\"2-5\"},\"children\":[{\"type\":\"panel\",\"props\":{\"content\":\"\n\n<p>Viernes a la ma\\u00f1ana: 9:00-13:00<br \\\/>Los lunes a la tarde el reparto de los grupos de consumo se hace en el mismo sitio.<\\\/p>\",\"content_column_breakpoint\":\"m\",\"content_margin\":\"small\",\"icon_width\":80,\"image_align\":\"top\",\"image_grid_breakpoint\":\"m\",\"image_grid_width\":\"1-2\",\"image_svg_color\":\"emphasis\",\"link_style\":\"default\",\"link_text\":\"Read more\",\"margin\":\"default\",\"meta_align\":\"below-title\",\"meta_element\":\"div\",\"meta_style\":\"text-meta\",\"title\":\"D\\u00cdA DE MERCADO Y HORARIO:\",\"title_align\":\"top\",\"title_element\":\"h4\",\"title_grid_breakpoint\":\"m\",\"title_grid_width\":\"1-2\",\"title_hover_style\":\"reset\"}},{\"type\":\"panel\",\"props\":{\"content\":\"En la c\\u00e9ntrica plaza Euskal Herria de Legazpia\",\"content_column_breakpoint\":\"m\",\"content_margin\":\"small\",\"icon_width\":80,\"image_align\":\"top\",\"image_grid_breakpoint\":\"m\",\"image_grid_width\":\"1-2\",\"image_svg_color\":\"emphasis\",\"link\":\"https:\\\/\\\/www.google.com.br\\\/maps\\\/place\\\/Azoka-Mercado\\\/\",\"link_margin\":\"small\",\"link_style\":\"text\",\"link_target\":true,\"link_text\":\"Ver ubicaci\\u00f3n\",\"margin\":\"default\",\"meta_align\":\"below-title\",\"meta_element\":\"div\",\"meta_style\":\"text-meta\",\"title\":\"UBICACI\\u00d3N:\",\"title_align\":\"top\",\"title_element\":\"h3\",\"title_grid_breakpoint\":\"m\",\"title_grid_width\":\"1-2\",\"title_hover_style\":\"reset\",\"title_style\":\"h4\"}},{\"type\":\"panel\",\"props\":{\"content\":\"\",\"content_column_breakpoint\":\"m\",\"content_margin\":\"small\",\"icon_width\":80,\"image_align\":\"top\",\"image_grid_breakpoint\":\"m\",\"image_grid_width\":\"1-2\",\"image_svg_color\":\"emphasis\",\"link\":\"https:\\\/\\\/www.youtube.com\\\/watch?v=H4Pf8CysmJE\",\"link_margin\":\"small\",\"link_style\":\"text\",\"link_target\":true,\"link_text\":\"Ver v\\u00eddeo\",\"margin\":\"default\",\"meta_align\":\"below-title\",\"meta_element\":\"div\",\"meta_style\":\"text-meta\",\"title\":\"PROGRAMA AZOKATIK MAHAIRA:\",\"title_align\":\"top\",\"title_element\":\"h3\",\"title_grid_breakpoint\":\"m\",\"title_grid_width\":\"1-2\",\"title_hover_style\":\"reset\",\"title_style\":\"h4\"},\"name\":\"azokatikmahaira\"}]}]}],\"name\":\"legazpi\"},{\"type\":\"section\",\"props\":{\"animation\":\"fade\",\"animation_delay\":\"200\",\"image_position\":\"center-center\",\"padding\":\"none\",\"style\":\"default\",\"title_breakpoint\":\"xl\",\"title_position\":\"top-left\",\"title_rotation\":\"left\",\"vertical_align\":\"middle\",\"width\":\"\"},\"children\":[{\"type\":\"row\",\"props\":{\"column_gap\":\"collapse\",\"row_gap\":\"collapse\"},\"children\":[{\"type\":\"column\",\"props\":{\"image_position\":\"center-center\",\"position_sticky_breakpoint\":\"m\"},\"children\":[{\"type\":\"slideshow\",\"props\":{\"link_style\":\"default\",\"link_text\":\"Read more\",\"margin\":\"default\",\"meta_align\":\"below-title\",\"meta_element\":\"div\",\"meta_style\":\"text-meta\",\"nav\":\"dotnav\",\"nav_align\":\"center\",\"nav_breakpoint\":\"s\",\"nav_position\":\"bottom-center\",\"nav_position_margin\":\"medium\",\"overlay_animation\":\"parallax\",\"overlay_position\":\"center-left\",\"show_content\":true,\"show_link\":true,\"show_meta\":true,\"show_thumbnail\":true,\"show_title\":true,\"slidenav\":\"default\",\"slidenav_breakpoint\":\"s\",\"slidenav_margin\":\"medium\",\"slidenav_outside_breakpoint\":\"xl\",\"slideshow_autoplay_pause\":true,\"slideshow_min_height\":300,\"thumbnav_height\":\"75\",\"thumbnav_svg_color\":\"emphasis\",\"thumbnav_width\":\"100\",\"title_element\":\"h3\"},\"children\":[{\"type\":\"slideshow_item\",\"props\":{\"image\":\"wp-content\\\/uploads\\\/2022\\\/06\\\/legazpi.jpg\"}}]}]}]},{\"type\":\"row\",\"props\":{\"column_gap\":\"collapse\",\"layout\":\"1-2,1-2\",\"row_gap\":\"collapse\"},\"children\":[{\"type\":\"column\",\"props\":{\"image_position\":\"center-center\",\"position_sticky_breakpoint\":\"m\",\"width_medium\":\"1-2\"},\"children\":[{\"type\":\"slideshow\",\"props\":{\"link_style\":\"default\",\"link_text\":\"Read more\",\"margin\":\"default\",\"meta_align\":\"below-title\",\"meta_element\":\"div\",\"meta_style\":\"text-meta\",\"nav\":\"dotnav\",\"nav_align\":\"center\",\"nav_breakpoint\":\"s\",\"nav_position\":\"bottom-center\",\"nav_position_margin\":\"medium\",\"overlay_animation\":\"parallax\",\"overlay_position\":\"center-left\",\"show_content\":true,\"show_link\":true,\"show_meta\":true,\"show_thumbnail\":true,\"show_title\":true,\"slidenav\":\"default\",\"slidenav_breakpoint\":\"s\",\"slidenav_margin\":\"medium\",\"slidenav_outside_breakpoint\":\"xl\",\"slideshow_autoplay_pause\":true,\"slideshow_min_height\":300,\"thumbnav_height\":\"75\",\"thumbnav_svg_color\":\"emphasis\",\"thumbnav_width\":\"100\",\"title_element\":\"h3\"},\"children\":[{\"type\":\"slideshow_item\",\"props\":{\"image\":\"wp-content\\\/uploads\\\/2022\\\/06\\\/legazpi2.jpg\"}}]}]},{\"type\":\"column\",\"props\":{\"image_position\":\"center-center\",\"position_sticky_breakpoint\":\"m\",\"width_medium\":\"1-2\"},\"children\":[{\"type\":\"slideshow\",\"props\":{\"link_style\":\"default\",\"link_text\":\"Read more\",\"margin\":\"default\",\"meta_align\":\"below-title\",\"meta_element\":\"div\",\"meta_style\":\"text-meta\",\"nav\":\"dotnav\",\"nav_align\":\"center\",\"nav_breakpoint\":\"s\",\"nav_position\":\"bottom-center\",\"nav_position_margin\":\"medium\",\"overlay_animation\":\"parallax\",\"overlay_position\":\"center-left\",\"show_content\":true,\"show_link\":true,\"show_meta\":true,\"show_thumbnail\":true,\"show_title\":true,\"slidenav\":\"default\",\"slidenav_breakpoint\":\"s\",\"slidenav_margin\":\"medium\",\"slidenav_outside_breakpoint\":\"xl\",\"slideshow_autoplay_pause\":true,\"slideshow_min_height\":300,\"thumbnav_height\":\"75\",\"thumbnav_svg_color\":\"emphasis\",\"thumbnav_width\":\"100\",\"title_element\":\"h3\"},\"children\":[{\"type\":\"slideshow_item\",\"props\":{\"image\":\"wp-content\\\/uploads\\\/2022\\\/06\\\/legazpi3.jpg\"}}]}]}]}],\"name\":\"legazpi2\"}],\"version\":\"4.0.6\",\"yooessentialsVersion\":\"2.0.9\"} --><\/p>\n","protected":false},"excerpt":{"rendered":"<p>LEGAZPIKO AZOKA En las \u00faltimas d\u00e9cadas la feria de Legazpi se celebra los viernes por la ma\u00f1ana en el centro de la localidad. Se venden productos de los caser\u00edos de la zona, especialmente queso, pan, magdalenas, pastas, verduras, flores y plantas hort\u00edcolas en \u00e9poca alta. En 2016 se renov\u00f3 el edificio del mercado con cierre. [&hellip;]<\/p>\n","protected":false},"author":1,"featured_media":0,"parent":0,"menu_order":0,"comment_status":"closed","ping_status":"closed","template":"","meta":[],"acf":[],"_links":{"self":[{"href":"https:\/\/azokensarea.eus\/es\/wp-json\/wp\/v2\/pages\/1107"}],"collection":[{"href":"https:\/\/azokensarea.eus\/es\/wp-json\/wp\/v2\/pages"}],"about":[{"href":"https:\/\/azokensarea.eus\/es\/wp-json\/wp\/v2\/types\/page"}],"author":[{"embeddable":true,"href":"https:\/\/azokensarea.eus\/es\/wp-json\/wp\/v2\/users\/1"}],"replies":[{"embeddable":true,"href":"https:\/\/azokensarea.eus\/es\/wp-json\/wp\/v2\/comments?post=1107"}],"version-history":[{"count":4,"href":"https:\/\/azokensarea.eus\/es\/wp-json\/wp\/v2\/pages\/1107\/revisions"}],"predecessor-version":[{"id":1699,"href":"https:\/\/azokensarea.eus\/es\/wp-json\/wp\/v2\/pages\/1107\/revisions\/1699"}],"wp:attachment":[{"href":"https:\/\/azokensarea.eus\/es\/wp-json\/wp\/v2\/media?parent=1107"}],"curies":[{"name":"wp","href":"https:\/\/api.w.org\/{rel}","templated":true}]}}

<h2>
<p class="p1"><b>LEGAZPIKO </b>AZOKA</p>
<p><b></b></h2>
<div>
<p>En las últimas décadas la feria de Legazpi se celebra los viernes por la mañana en el centro de la localidad. Se venden productos de los caseríos de la zona, especialmente queso, pan, magdalenas, pastas, verduras, flores y plantas hortícolas en época alta. En 2016 se renovó el edificio del mercado con cierre.</p>
<p>En el año 2022 se ha puesto en marcha el servicio de taquillas para recoger productos fuera de horario. El servicio lo utilizan varios baserritarras y comerciantes del pueblo, junto con los ciudadanos.</p>
</div>
<div>
<h4>DÍA DE MERCADO Y HORARIO:</h4>
<div>
<p>Viernes a la mañana: 9:00-13:00<br />Los lunes a la tarde el reparto de los grupos de consumo se hace en el mismo sitio.</p>
</div>
</div>
<div>
<h3>UBICACIÓN:</h3>
<div>En la céntrica plaza Euskal Herria de Legazpia</div>
<p><a href="https://www.google.com.br/maps/place/Azoka-Mercado/">Ver ubicación</a></p>
</div>
<div>
<h3>PROGRAMA AZOKATIK MAHAIRA:</h3>
<p><a href="https://www.youtube.com/watch?v=H4Pf8CysmJE">Ver vídeo</a></p>
</div>
<div>
<p>    <img src="/wp-content/uploads/2022/06/legazpi.jpg" alt=""></p>
</div>
<div>
<p>    <img src="/wp-content/uploads/2022/06/legazpi2.jpg" alt=""></p>
</div>
<div>
<p>    <img src="/wp-content/uploads/2022/06/legazpi3.jpg" alt=""></p>
</div>
<p><!--more--><br />
<!-- {"type":"layout","children":[{"type":"section","props":{"animation":"fade","animation_delay":"200","id":"legazpi","image_position":"center-center","style":"primary","title_breakpoint":"xl","title_position":"top-left","title_rotation":"left","vertical_align":"middle","width":"default"},"children":[{"type":"row","children":[{"type":"column","props":{"image_position":"center-center","position_sticky_breakpoint":"m"},"children":[{"type":"headline","props":{"content":"

<p class=\"p1\"><b>LEGAZPIKO <\/b>AZOKA<\/p>\n<b><\/b>","title_color":"primary","title_element":"h2","title_style":"h2"}}]}]},{"type":"row","props":{"layout":"3-5,2-5"},"children":[{"type":"column","props":{"image_position":"center-center","position_sticky_breakpoint":"m","width_medium":"3-5"},"children":[{"type":"text","props":{"column_breakpoint":"m","content":"

<p>En las \u00faltimas d\u00e9cadas la feria de Legazpi se celebra los viernes por la ma\u00f1ana en el centro de la localidad. Se venden productos de los caser\u00edos de la zona, especialmente queso, pan, magdalenas, pastas, verduras, flores y plantas hort\u00edcolas en \u00e9poca alta. En 2016 se renov\u00f3 el edificio del mercado con cierre.<\/p>\n

<p>En el a\u00f1o 2022 se ha puesto en marcha el servicio de taquillas para recoger productos fuera de horario. El servicio lo utilizan varios baserritarras y comerciantes del pueblo, junto con los ciudadanos.<\/p>","margin":"default","text_style":"large"}}]},{"type":"column","props":{"image_position":"center-center","position_sticky_breakpoint":"m","width_medium":"2-5"},"children":[{"type":"panel","props":{"content":"

<p>Viernes a la ma\u00f1ana: 9:00-13:00<br \/>Los lunes a la tarde el reparto de los grupos de consumo se hace en el mismo sitio.<\/p>","content_column_breakpoint":"m","content_margin":"small","icon_width":80,"image_align":"top","image_grid_breakpoint":"m","image_grid_width":"1-2","image_svg_color":"emphasis","link_style":"default","link_text":"Read more","margin":"default","meta_align":"below-title","meta_element":"div","meta_style":"text-meta","title":"D\u00cdA DE MERCADO Y HORARIO:","title_align":"top","title_element":"h4","title_grid_breakpoint":"m","title_grid_width":"1-2","title_hover_style":"reset"}},{"type":"panel","props":{"content":"En la c\u00e9ntrica plaza Euskal Herria de Legazpia","content_column_breakpoint":"m","content_margin":"small","icon_width":80,"image_align":"top","image_grid_breakpoint":"m","image_grid_width":"1-2","image_svg_color":"emphasis","link":"https:\/\/www.google.com.br\/maps\/place\/Azoka-Mercado\/","link_margin":"small","link_style":"text","link_target":true,"link_text":"Ver ubicaci\u00f3n","margin":"default","meta_align":"below-title","meta_element":"div","meta_style":"text-meta","title":"UBICACI\u00d3N:","title_align":"top","title_element":"h3","title_grid_breakpoint":"m","title_grid_width":"1-2","title_hover_style":"reset","title_style":"h4"}},{"type":"panel","props":{"content":"","content_column_breakpoint":"m","content_margin":"small","icon_width":80,"image_align":"top","image_grid_breakpoint":"m","image_grid_width":"1-2","image_svg_color":"emphasis","link":"https:\/\/www.youtube.com\/watch?v=H4Pf8CysmJE","link_margin":"small","link_style":"text","link_target":true,"link_text":"Ver v\u00eddeo","margin":"default","meta_align":"below-title","meta_element":"div","meta_style":"text-meta","title":"PROGRAMA AZOKATIK MAHAIRA:","title_align":"top","title_element":"h3","title_grid_breakpoint":"m","title_grid_width":"1-2","title_hover_style":"reset","title_style":"h4"},"name":"azokatikmahaira"}]}]}],"name":"legazpi"},{"type":"section","props":{"animation":"fade","animation_delay":"200","image_position":"center-center","padding":"none","style":"default","title_breakpoint":"xl","title_position":"top-left","title_rotation":"left","vertical_align":"middle","width":""},"children":[{"type":"row","props":{"column_gap":"collapse","row_gap":"collapse"},"children":[{"type":"column","props":{"image_position":"center-center","position_sticky_breakpoint":"m"},"children":[{"type":"slideshow","props":{"link_style":"default","link_text":"Read more","margin":"default","meta_align":"below-title","meta_element":"div","meta_style":"text-meta","nav":"dotnav","nav_align":"center","nav_breakpoint":"s","nav_position":"bottom-center","nav_position_margin":"medium","overlay_animation":"parallax","overlay_position":"center-left","show_content":true,"show_link":true,"show_meta":true,"show_thumbnail":true,"show_title":true,"slidenav":"default","slidenav_breakpoint":"s","slidenav_margin":"medium","slidenav_outside_breakpoint":"xl","slideshow_autoplay_pause":true,"slideshow_min_height":300,"thumbnav_height":"75","thumbnav_svg_color":"emphasis","thumbnav_width":"100","title_element":"h3"},"children":[{"type":"slideshow_item","props":{"image":"wp-content\/uploads\/2022\/06\/legazpi.jpg"}}]}]}]},{"type":"row","props":{"column_gap":"collapse","layout":"1-2,1-2","row_gap":"collapse"},"children":[{"type":"column","props":{"image_position":"center-center","position_sticky_breakpoint":"m","width_medium":"1-2"},"children":[{"type":"slideshow","props":{"link_style":"default","link_text":"Read more","margin":"default","meta_align":"below-title","meta_element":"div","meta_style":"text-meta","nav":"dotnav","nav_align":"center","nav_breakpoint":"s","nav_position":"bottom-center","nav_position_margin":"medium","overlay_animation":"parallax","overlay_position":"center-left","show_content":true,"show_link":true,"show_meta":true,"show_thumbnail":true,"show_title":true,"slidenav":"default","slidenav_breakpoint":"s","slidenav_margin":"medium","slidenav_outside_breakpoint":"xl","slideshow_autoplay_pause":true,"slideshow_min_height":300,"thumbnav_height":"75","thumbnav_svg_color":"emphasis","thumbnav_width":"100","title_element":"h3"},"children":[{"type":"slideshow_item","props":{"image":"wp-content\/uploads\/2022\/06\/legazpi2.jpg"}}]}]},{"type":"column","props":{"image_position":"center-center","position_sticky_breakpoint":"m","width_medium":"1-2"},"children":[{"type":"slideshow","props":{"link_style":"default","link_text":"Read more","margin":"default","meta_align":"below-title","meta_element":"div","meta_style":"text-meta","nav":"dotnav","nav_align":"center","nav_breakpoint":"s","nav_position":"bottom-center","nav_position_margin":"medium","overlay_animation":"parallax","overlay_position":"center-left","show_content":true,"show_link":true,"show_meta":true,"show_thumbnail":true,"show_title":true,"slidenav":"default","slidenav_breakpoint":"s","slidenav_margin":"medium","slidenav_outside_breakpoint":"xl","slideshow_autoplay_pause":true,"slideshow_min_height":300,"thumbnav_height":"75","thumbnav_svg_color":"emphasis","thumbnav_width":"100","title_element":"h3"},"children":[{"type":"slideshow_item","props":{"image":"wp-content\/uploads\/2022\/06\/legazpi3.jpg"}}]}]}]}],"name":"legazpi2"}],"version":"4.0.6","yooessentialsVersion":"2.0.9"} --></p>

<p>LEGAZPIKO AZOKA En las últimas décadas la feria de Legazpi se celebra los viernes por la mañana en el centro de la localidad. Se venden productos de los caseríos de la zona, especialmente queso, pan, magdalenas, pastas, verduras, flores y plantas hortícolas en época alta. En 2016 se renovó el edificio del mercado con cierre. [&hellip;]</p>
